{"id":886,"date":"2017-02-25T10:19:45","date_gmt":"2017-02-25T09:19:45","guid":{"rendered":"https:\/\/arcampin.be\/secondaire\/?page_id=886"},"modified":"2026-04-17T11:35:41","modified_gmt":"2026-04-17T10:35:41","slug":"ablums","status":"publish","type":"page","link":"https:\/\/arcampin.be\/secondaire\/ablums","title":{"rendered":"Photos"},"content":{"rendered":"\n<figure class=\"wp-block-image\"><img loading=\"lazy\" width=\"1024\" height=\"768\" src=\"https:\/\/arcampin.be\/secondaire\/wp-content\/uploads\/2019\/03\/53239462_10218781219547282_2812204264544272384_o-1024x768.jpg\" alt=\"\" class=\"wp-image-4116\" srcset=\"https:\/\/arcampin.be\/secondaire\/wp-content\/uploads\/2019\/03\/53239462_10218781219547282_2812204264544272384_o-1024x768.jpg 1024w, https:\/\/arcampin.be\/secondaire\/wp-content\/uploads\/2019\/03\/53239462_10218781219547282_2812204264544272384_o-300x225.jpg 300w, https:\/\/arcampin.be\/secondaire\/wp-content\/uploads\/2019\/03\/53239462_10218781219547282_2812204264544272384_o-768x576.jpg 768w, https:\/\/arcampin.be\/secondaire\/wp-content\/uploads\/2019\/03\/53239462_10218781219547282_2812204264544272384_o.jpg 2048w\" sizes=\"(max-width: 1024px) 100vw, 1024px\" \/><figcaption>Les options Latin en Italie et \u00e0 Pomp\u00e9i<\/figcaption><\/figure>\n\n\n<h2 style=\"text-align: center;\"><span style=\"color: #800000;\"><strong>D\u00e9couvrez les photos des activit\u00e9s de l&rsquo;ann\u00e9e scolaire 2025 &#8211; 2026<\/strong><\/span><\/h2>\n<ul>\n<li><span style=\"color: #800000;\"><em><a style=\"color: #800000;\" href=\"https:\/\/arcampin.be\/secondaire\/archives\/11377\" target=\"_blank\" rel=\"noopener\">5e et 6e Option Histoire<\/a><a style=\"color: #800000;\" href=\"https:\/\/arcampin.be\/secondaire\/archives\/11292\" target=\"_blank\" rel=\"noopener\"> \u2013 Pr\u00e9paration au s\u00e9jour m\u00e9moriel en Autriche et Tch\u00e9quie &#8211; partie 1<\/a><\/em><\/span><\/li>\n<li><span style=\"color: #800000;\"><em><a style=\"color: #800000;\" href=\"https:\/\/arcampin.be\/secondaire\/archives\/11316\" target=\"_blank\" rel=\"noopener\">5A, 5B &amp; 5C \u2013 Cours de Fran\u00e7ais<\/a><\/em><\/span><\/li>\n<li><span style=\"color: #800000;\"><em><a style=\"color: #800000;\" href=\"https:\/\/arcampin.be\/secondaire\/archives\/11340\" target=\"_blank\" rel=\"noopener\">5A &amp; 5B \u2013 S\u00e9ance du tribunal correctionnel<\/a><\/em><\/span><\/li>\n<li><span style=\"color: #800000;\"><em><a style=\"color: #800000;\" href=\"https:\/\/arcampin.be\/secondaire\/archives\/11345\" target=\"_blank\" rel=\"noopener\">5e et 6e Option Histoire \u2013 Pr\u00e9paration au voyage m\u00e9moriel en Autriche et Tch\u00e9quie &#8211; partie 2<\/a><\/em><\/span><\/li>\n<li><span style=\"color: #800000;\"><em><a style=\"color: #800000;\" href=\"https:\/\/arcampin.be\/secondaire\/archives\/11361\" target=\"_blank\" rel=\"noopener\">Activit\u00e9s sciences \u00e9conomiques<\/a><\/em><\/span><\/li>\n<li><span style=\"color: #800000;\"><em><a style=\"color: #800000;\" href=\"https:\/\/arcampin.be\/secondaire\/archives\/11377\" target=\"_blank\" rel=\"noopener\">5e et 6e Option Histoire \u2013 Pr\u00e9paration au voyage m\u00e9moriel en Autriche et Tch\u00e9quie &#8211; partie 3<\/a><\/em><\/span><\/li>\n<li><a href=\"https:\/\/arcampin.be\/secondaire\/archives\/11403\" target=\"_blank\" rel=\"noopener\"><span style=\"color: #800000;\"><em>Activit\u00e9s scientifiques sur l&rsquo;arbre<\/em><\/span><\/a><\/li>\n<li><span style=\"color: #800000;\"><em><a style=\"color: #800000;\" href=\"https:\/\/arcampin.be\/secondaire\/archives\/11428\" target=\"_blank\" rel=\"noopener\">5e &amp; 6e Option Histoire \u2013 Voyage m\u00e9moriel en Autriche et Tch\u00e9quie<\/a><\/em><\/span><\/li>\n<li><span style=\"color: #800000;\"><em><a style=\"color: #800000;\" href=\"https:\/\/arcampin.be\/secondaire\/archives\/11551\" target=\"_blank\" rel=\"noopener\">La mini-entreprise des options Sciences Economiques<\/a><\/em><\/span><\/li>\n<li><span style=\"color: #800000;\"><em><a style=\"color: #800000;\" href=\"https:\/\/arcampin.be\/secondaire\/archives\/11563\" target=\"_blank\" rel=\"noopener\">5e \u2013 Cours de Fran\u00e7ais \u2013 Exposition \u00ab La Mort qui tue \u00bb<\/a><\/em><\/span><\/li>\n<li><span style=\"color: #800000;\"><em><a style=\"color: #800000;\" href=\"https:\/\/arcampin.be\/secondaire\/archives\/11630\">1\u00e8re C &#8211; Activit\u00e9s scientifiques<\/a><\/em><\/span><\/li>\n<li><span style=\"color: #800000;\"><em><a style=\"color: #800000;\" href=\"https:\/\/arcampin.be\/secondaire\/archives\/11787\" target=\"_blank\" rel=\"noopener\">Visite \u2013 Le Familist\u00e8re de Guise<\/a><\/em><\/span><\/li>\n<li><span style=\"color: #800000;\"><em><a style=\"color: #800000;\" href=\"https:\/\/arcampin.be\/secondaire\/archives\/11798\" target=\"_blank\" rel=\"noopener\">Les sciences sociales \u00e0 Paris<\/a><\/em><\/span><\/li>\n<li><span style=\"color: #800000;\"><em><a style=\"color: #800000;\" href=\"https:\/\/arcampin.be\/secondaire\/archives\/11821\" target=\"_blank\" rel=\"noopener\">Visite du mus\u00e9e des sciences naturelles de Bruxelles<\/a><\/em><\/span><\/li>\n<li><span style=\"color: #800000;\"><em><a style=\"color: #800000;\" href=\"https:\/\/arcampin.be\/secondaire\/archives\/11878\" target=\"_blank\" rel=\"noopener\">Excursion culturelle et historique \u00e0 Lens et Lewarde<\/a><\/em><\/span><\/li>\n<li><span style=\"color: #800000;\"><em><a style=\"color: #800000;\" href=\"https:\/\/arcampin.be\/secondaire\/archives\/11883\" target=\"_blank\" rel=\"noopener\">6A \u2013 Journ\u00e9e Droits de l\u2019Homme<\/a><\/em><\/span><\/li>\n<li><span style=\"color: #800000;\"><em><a style=\"color: #800000;\" href=\"https:\/\/arcampin.be\/secondaire\/archives\/11893\" target=\"_blank\" rel=\"noopener\">Printemps des Sciences<\/a><\/em><\/span><\/li>\n<li><span style=\"color: #800000;\"><em><a style=\"color: #800000;\" href=\"https:\/\/arcampin.be\/secondaire\/archives\/11925\" target=\"_blank\" rel=\"noopener\">Excursion en Z\u00e9lande<\/a><\/em><\/span><\/li>\n<li><span style=\"color: #800000;\"><em><a style=\"color: #800000;\" href=\"https:\/\/arcampin.be\/secondaire\/archives\/11953\" target=\"_blank\" rel=\"noopener\">Mus\u00e9e de l\u2019informatique \u00e0 Namur<\/a><\/em><\/span><\/li>\n<li><span style=\"color: #800000;\"><em><a style=\"color: #800000;\" href=\"https:\/\/arcampin.be\/secondaire\/archives\/11995\" target=\"_blank\" rel=\"noopener\">Visite des institutions europ\u00e9ennes<\/a><\/em><\/span><\/li>\n<li><span style=\"color: #800000;\"><em><a style=\"color: #800000;\" href=\"https:\/\/arcampin.be\/secondaire\/archives\/12003\" target=\"_blank\" rel=\"noopener\">Sortie p\u00e9dagogique \u00e0 l\u2019Aquascope de Virelles<\/a><\/em><\/span><\/li>\n<li><span style=\"color: #800000;\"><em><a style=\"color: #800000;\" href=\"https:\/\/arcampin.be\/secondaire\/archives\/12032\" target=\"_blank\" rel=\"noopener\">D\u00e9couverte de la ville de Gand<\/a><\/em><\/span><\/li>\n<li><span style=\"color: #800000;\"><em><a style=\"color: #800000;\" href=\"https:\/\/arcampin.be\/secondaire\/archives\/12045\" target=\"_blank\" rel=\"noopener\">D\u00e9sir de m\u00e9moire \u2013 Option Histoire<\/a><\/em><\/span><\/li>\n<li><span style=\"color: #800000;\"><em><a style=\"color: #800000;\" href=\"https:\/\/arcampin.be\/secondaire\/archives\/12062\" target=\"_blank\" rel=\"noopener\">Classes de 5e \u2013 Fran\u00e7ais &amp; \u00c9ducation Physique \u2013 Mus\u00e9e Paul Delvaux &amp; Activit\u00e9 sportive in\u00e9dite<\/a><\/em><\/span><\/li>\n<\/ul>\n\n\n<figure class=\"wp-container-2 wp-block-gallery-1 wp-block-gallery has-nested-images columns-1 is-cropped\">\n<figure class=\"wp-block-image size-large\"><img loading=\"lazy\" width=\"2048\" height=\"1536\" data-id=\"9605\"  src=\"https:\/\/arcampin.be\/secondaire\/wp-content\/uploads\/2024\/04\/438223930_2185525348466625_1636283370106319918_n.jpg\" alt=\"\" class=\"wp-image-9605\" srcset=\"https:\/\/arcampin.be\/secondaire\/wp-content\/uploads\/2024\/04\/438223930_2185525348466625_1636283370106319918_n.jpg 2048w, https:\/\/arcampin.be\/secondaire\/wp-content\/uploads\/2024\/04\/438223930_2185525348466625_1636283370106319918_n-300x225.jpg 300w, https:\/\/arcampin.be\/secondaire\/wp-content\/uploads\/2024\/04\/438223930_2185525348466625_1636283370106319918_n-1024x768.jpg 1024w, https:\/\/arcampin.be\/secondaire\/wp-content\/uploads\/2024\/04\/438223930_2185525348466625_1636283370106319918_n-768x576.jpg 768w, https:\/\/arcampin.be\/secondaire\/wp-content\/uploads\/2024\/04\/438223930_2185525348466625_1636283370106319918_n-1536x1152.jpg 1536w\" sizes=\"(max-width: 2048px) 100vw, 2048px\" \/><figcaption>Les options Sciences Fortes en visite au ch\u00e2teau de Chambord (France)<\/figcaption><\/figure>\n\n\n\n<figure class=\"wp-block-image size-large\"><img loading=\"lazy\" width=\"2048\" height=\"1536\" data-id=\"9668\"  src=\"https:\/\/arcampin.be\/secondaire\/wp-content\/uploads\/2024\/04\/440096830_10234065985490024_2973224167403905058_n.jpg\" alt=\"\" class=\"wp-image-9668\" srcset=\"https:\/\/arcampin.be\/secondaire\/wp-content\/uploads\/2024\/04\/440096830_10234065985490024_2973224167403905058_n.jpg 2048w, https:\/\/arcampin.be\/secondaire\/wp-content\/uploads\/2024\/04\/440096830_10234065985490024_2973224167403905058_n-300x225.jpg 300w, https:\/\/arcampin.be\/secondaire\/wp-content\/uploads\/2024\/04\/440096830_10234065985490024_2973224167403905058_n-1024x768.jpg 1024w, https:\/\/arcampin.be\/secondaire\/wp-content\/uploads\/2024\/04\/440096830_10234065985490024_2973224167403905058_n-768x576.jpg 768w, https:\/\/arcampin.be\/secondaire\/wp-content\/uploads\/2024\/04\/440096830_10234065985490024_2973224167403905058_n-1536x1152.jpg 1536w\" sizes=\"(max-width: 2048px) 100vw, 2048px\" \/><figcaption>Les options Langues Modernes \u00e0 l&rsquo;aqueduc de S\u00e9govie (Espagne)<\/figcaption><\/figure>\n<\/figure>\n","protected":false},"excerpt":{"rendered":"<p>D\u00e9couvrez les photos des activit\u00e9s de l&rsquo;ann\u00e9e scolaire 2025 &#8211; 2026 5e et 6e Option Histoire \u2013 Pr\u00e9paration au s\u00e9jour m\u00e9moriel en Autriche et Tch\u00e9quie &#8211; partie 1 5A, 5B &amp; 5C \u2013 Cours de Fran\u00e7ais 5A &amp; 5B \u2013 S\u00e9ance du tribunal correctionnel 5e et 6e Option Histoire \u2013 Pr\u00e9paration au voyage m\u00e9moriel en &hellip; <a href=\"https:\/\/arcampin.be\/secondaire\/ablums\" class=\"more-link\">Continuer la lecture de <span class=\"screen-reader-text\">Photos<\/span> <span class=\"meta-nav\">&rarr;<\/span><\/a><\/p>\n","protected":false},"author":2,"featured_media":0,"parent":0,"menu_order":0,"comment_status":"closed","ping_status":"closed","template":"","meta":{"jetpack_post_was_ever_published":false},"_links":{"self":[{"href":"https:\/\/arcampin.be\/secondaire\/wp-json\/wp\/v2\/pages\/886"}],"collection":[{"href":"https:\/\/arcampin.be\/secondaire\/wp-json\/wp\/v2\/pages"}],"about":[{"href":"https:\/\/arcampin.be\/secondaire\/wp-json\/wp\/v2\/types\/page"}],"author":[{"embeddable":true,"href":"https:\/\/arcampin.be\/secondaire\/wp-json\/wp\/v2\/users\/2"}],"replies":[{"embeddable":true,"href":"https:\/\/arcampin.be\/secondaire\/wp-json\/wp\/v2\/comments?post=886"}],"version-history":[{"count":180,"href":"https:\/\/arcampin.be\/secondaire\/wp-json\/wp\/v2\/pages\/886\/revisions"}],"predecessor-version":[{"id":12079,"href":"https:\/\/arcampin.be\/secondaire\/wp-json\/wp\/v2\/pages\/886\/revisions\/12079"}],"wp:attachment":[{"href":"https:\/\/arcampin.be\/secondaire\/wp-json\/wp\/v2\/media?parent=886"}],"curies":[{"name":"wp","href":"https:\/\/api.w.org\/{rel}","templated":true}]}}