{"id":97,"date":"2016-10-04T20:43:56","date_gmt":"2016-10-04T18:43:56","guid":{"rendered":"https:\/\/arcampin.be\/primaire\/?page_id=97"},"modified":"2016-10-10T19:21:29","modified_gmt":"2016-10-10T17:21:29","slug":"centre-pms","status":"publish","type":"page","link":"https:\/\/arcampin.be\/primaire\/centre-pms\/","title":{"rendered":"Centre PMS"},"content":{"rendered":"<p>Une antenne du Centre PMS install\u00e9e dans l\u2019\u00e9tablissement aide les \u00e9l\u00e8ves qui le souhaitent dans le choix d\u2019une orientation d\u2019\u00e9tudes et dans les diff\u00e9rents probl\u00e8mes qu\u2019ils peuvent rencontrer tout au long de leur scolarit\u00e9.<\/p>\n<p>&nbsp;<\/p>\n<p>Centre PMS: Rue Beyaert 39<br \/>\n7500 TOURNAI [TOURNAI]<br \/>\nt\u00e9l.:069- 22 51 39 \u00a0\u00a0fax:069-84 21 11<br \/>\nR\u00e9seau: Communaut\u00e9 fran\u00e7aise<br \/>\nDirection: MONSIEUR GUY MAHIEU<\/p>\n<p>&nbsp;<br \/>\n<img loading=\"lazy\" src=\"http:\/\/www.arcampin.be\/fondamental\/photos\/ecole\/cpms.png\" width=\"227\" height=\"107\" \/><\/p>\n","protected":false},"excerpt":{"rendered":"<p>Une antenne du Centre PMS install\u00e9e dans l\u2019\u00e9tablissement aide les \u00e9l\u00e8ves qui le souhaitent dans le choix d\u2019une orientation d\u2019\u00e9tudes et dans les diff\u00e9rents probl\u00e8mes qu\u2019ils peuvent rencontrer tout au long de leur scolarit\u00e9.&#46;&#46;&#46;<\/p>\n","protected":false},"author":1,"featured_media":0,"parent":0,"menu_order":0,"comment_status":"closed","ping_status":"closed","template":"","meta":[],"_links":{"self":[{"href":"https:\/\/arcampin.be\/primaire\/wp-json\/wp\/v2\/pages\/97"}],"collection":[{"href":"https:\/\/arcampin.be\/primaire\/wp-json\/wp\/v2\/pages"}],"about":[{"href":"https:\/\/arcampin.be\/primaire\/wp-json\/wp\/v2\/types\/page"}],"author":[{"embeddable":true,"href":"https:\/\/arcampin.be\/primaire\/wp-json\/wp\/v2\/users\/1"}],"replies":[{"embeddable":true,"href":"https:\/\/arcampin.be\/primaire\/wp-json\/wp\/v2\/comments?post=97"}],"version-history":[{"count":6,"href":"https:\/\/arcampin.be\/primaire\/wp-json\/wp\/v2\/pages\/97\/revisions"}],"predecessor-version":[{"id":318,"href":"https:\/\/arcampin.be\/primaire\/wp-json\/wp\/v2\/pages\/97\/revisions\/318"}],"wp:attachment":[{"href":"https:\/\/arcampin.be\/primaire\/wp-json\/wp\/v2\/media?parent=97"}],"curies":[{"name":"wp","href":"https:\/\/api.w.org\/{rel}","templated":true}]}}