{"id":82,"date":"2016-10-04T20:33:33","date_gmt":"2016-10-04T18:33:33","guid":{"rendered":"https:\/\/arcampin.be\/primaire\/?page_id=82"},"modified":"2016-11-14T00:26:31","modified_gmt":"2016-11-13T23:26:31","slug":"notre-ecole","status":"publish","type":"page","link":"https:\/\/arcampin.be\/primaire\/notre-ecole\/","title":{"rendered":"Notre \u00e9cole"},"content":{"rendered":"<h2>Bienvenue \u00e0 l\u2019Ath\u00e9n\u00e9e !<\/h2>\n<p>L&rsquo;Ath\u00e9n\u00e9e Campin, c&rsquo;est une \u00e9cole qui a adopt\u00e9 la chouette, symbole d&rsquo;Ath\u00e9na, la d\u00e9esse grecque du savoir et de la sagesse.<br \/>\nC&rsquo;est un continuum p\u00e9dagogique pour vos enfants de 2,5 ans \u00e0 18 ans.<\/p>\n<p><strong>NOTRE DEVISE: \u00ab\u00a0R\u00e9ussir ensemble et mener chacun vers sa propre excellence &#8230;\u00a0\u00bb<\/strong><\/p>\n<p><img loading=\"lazy\" class=\"alignnone size-full wp-image-518\" src=\"https:\/\/arcampin.be\/primaire\/wp-content\/uploads\/2016\/11\/pubfondamental.jpg\" alt=\"pubfondamental\" width=\"537\" height=\"378\" srcset=\"https:\/\/arcampin.be\/primaire\/wp-content\/uploads\/2016\/11\/pubfondamental.jpg 537w, https:\/\/arcampin.be\/primaire\/wp-content\/uploads\/2016\/11\/pubfondamental-300x211.jpg 300w\" sizes=\"(max-width: 537px) 100vw, 537px\" \/><\/p>\n<h2><strong>Que proposons-nous ?<\/strong><\/h2>\n<p>En maternelle et en primaire, nous organisons de nombreuses activit\u00e9s qui permettent \u00e0 nos \u00e9l\u00e8ves de s&rsquo;\u00e9panouir au mieux: activit\u00e9s th\u00e9\u00e2trales, s\u00e9jours \u00e0 l&rsquo;\u00e9tranger, classes de d\u00e9paysement, visites diverses, patinoire, stage sportif, march\u00e9 de No\u00ebl, am\u00e9nagement d&rsquo;un grenier spatial consacr\u00e9 aux sciences et bien d&rsquo;autres choses encore &#8230;)<\/p>\n<div class=\"gallery-icon landscape\">\n<h2><strong>Les plus de\u00a0notre \u00e9tablissement?<\/strong><\/h2>\n<ul>\n<li><strong>Immersion<\/strong> pr\u00e9coce en anglais d\u00e8s la 3e maternelle<\/li>\n<li><strong>Immersion<\/strong> en langue <strong>anglaise<\/strong> et <strong>n\u00e9erlandaise<\/strong> d\u00e8s la 1\u00e8re commune<\/li>\n<li><strong>Projets d\u2019aide \u00e0 la r\u00e9ussite :<\/strong> \u00e9cole des devoirs, m\u00e9thodologie de travail, tutorat, coaching, rem\u00e9diations, cours passerelle vers l\u2019enseignement sup\u00e9rieur<\/li>\n<li><strong>Ecole num\u00e9rique :<\/strong> tableaux int\u00e9ractifs utilis\u00e9s dans de nombreux cours<\/li>\n<li><strong>Nombreuses options :\u00a0<\/strong>Campin c\u2019est l\u2019\u00e9cole des sciences, des math\u00e9matiques, de la culture, de la citoyennet\u00e9, des lettres, des sports (filles et gar\u00e7ons), des langues et des arts<\/li>\n<li>Prise en charge des \u00e9l\u00e8ves \u00e0 <strong>hauts potentiels et personnes ressources<\/strong> (<em>H.P., dyscalculie, dyspraxie, dyslexie<\/em>)<\/li>\n<li>Cours et examens <strong>en commun<\/strong><\/li>\n<li>Option \u00ab <strong>Th\u00e9\u00e2tre et Litt\u00e9rature<\/strong> \u00bb<\/li>\n<\/ul>\n<\/div>\n<p>&nbsp;<\/p>\n<h2>Mais aussi \u2026<\/h2>\n<p>L&rsquo;Ath\u00e9n\u00e9e est une \u00e9cole tourn\u00e9e vers les derni\u00e8res technologies. L&rsquo;\u00e9cole dispose de nombreux tableaux interactifs dans les classes. L&rsquo;utilisation de ces supports permet aux enseignants de rendre les cours plus attrayants.<\/p>\n<p><a href=\"http:\/\/arcampin.be\/blog\/wp-content\/uploads\/2016\/08\/Images-%C3%A9cole.004.jpeg\"><img loading=\"lazy\" class=\"attachment-medium \" src=\"http:\/\/arcampin.be\/blog\/wp-content\/uploads\/2016\/08\/Images-%C3%A9cole.004-300x225.jpeg\" sizes=\"(max-width: 300px) 100vw, 300px\" srcset=\"http:\/\/arcampin.be\/blog\/wp-content\/uploads\/2016\/08\/Images-\u00e9cole.004-300x225.jpeg 300w, http:\/\/arcampin.be\/blog\/wp-content\/uploads\/2016\/08\/Images-\u00e9cole.004.jpeg 1024w\" alt=\"Tableaux num\u00e9riques\" width=\"269\" height=\"203\" \/><\/a>\u00a0 \u00a0 \u00a0\u00a0<img loading=\"lazy\" src=\"http:\/\/arcampin.be\/blog\/wp-content\/uploads\/2016\/08\/Images-%C3%A9cole.003-300x225.jpeg\" alt=\"Tablettes tactiles\" width=\"267\" height=\"201\" \/><\/p>\n<p><strong>Un restaurant scolaire et son self-service :<\/strong> nos propres cuisiniers pr\u00e9parent des plats chauds et frais chaque jour. La restauration n\u2019est donc pas industrielle !<\/p>\n<p><img loading=\"lazy\" src=\"http:\/\/arcampin.be\/blog\/wp-content\/uploads\/2016\/08\/Images-%C3%A9cole.010-300x225.jpeg\" alt=\"Self-service\" width=\"272\" height=\"204\" \/>\u00a0 \u00a0 \u00a0<img loading=\"lazy\" src=\"http:\/\/arcampin.be\/blog\/wp-content\/uploads\/2016\/08\/Images-%C3%A9cole.009-300x225.jpeg\" alt=\"Self-service\" width=\"275\" height=\"206\" \/><\/p>\n<p>&nbsp;<\/p>\n<p><strong>Un Centre P.M.S. :<\/strong>\u00a0Une antenne du Centre PMS install\u00e9e dans l\u2019\u00e9tablissement aide les \u00e9l\u00e8ves qui le souhaitent dans le choix d\u2019une orientation d\u2019\u00e9tudes et dans les diff\u00e9rents probl\u00e8mes qu\u2019ils peuvent rencontrer tout au long de leur scolarit\u00e9.<\/p>\n<div class=\"entry-content\">\n<div id=\"gallery-1\" class=\"gallery galleryid-5 gallery-columns-2 gallery-size-medium\">\n<figure class=\"gallery-item\"><figcaption class=\"wp-caption-text gallery-caption\"><\/figcaption><figcaption id=\"gallery-1-113\" class=\"wp-caption-text gallery-caption\">Proclamations des laur\u00e9ats en fin d\u2019ann\u00e9e<\/figcaption><\/figure>\n<figure class=\"gallery-item\">\n<div class=\"gallery-icon landscape\"><\/div><figcaption id=\"gallery-1-110\" class=\"wp-caption-text gallery-caption\">Pi\u00e8ce de th\u00e9\u00e2tre en immersion<\/figcaption><\/figure>\n<figure class=\"gallery-item\">\n<div class=\"gallery-icon landscape\"><\/div><figcaption id=\"gallery-1-111\" class=\"wp-caption-text gallery-caption\">Cours d\u2019activit\u00e9s vari\u00e9s<\/figcaption><\/figure>\n<figure class=\"gallery-item\">\n<div class=\"gallery-icon landscape\"><\/div><figcaption id=\"gallery-1-112\" class=\"wp-caption-text gallery-caption\">Voyages sportifs et plus encore \u2026<\/figcaption><\/figure>\n<\/div>\n<div id=\"gallery-2\" class=\"gallery galleryid-5 gallery-columns-2 gallery-size-medium\">\n<figure class=\"gallery-item\"><figcaption id=\"gallery-2-105\" class=\"wp-caption-text gallery-caption\">Une salle de cours<\/figcaption><\/figure>\n<figure class=\"gallery-item\">\n<div class=\"gallery-icon landscape\"><\/div><figcaption id=\"gallery-2-102\" class=\"wp-caption-text gallery-caption\">Tablettes tactiles<\/figcaption><\/figure>\n<figure class=\"gallery-item\">\n<div class=\"gallery-icon landscape\"><\/div><figcaption id=\"gallery-2-103\" class=\"wp-caption-text gallery-caption\">Tableaux num\u00e9riques<\/figcaption><\/figure>\n<figure class=\"gallery-item\">\n<div class=\"gallery-icon landscape\"><\/div><figcaption id=\"gallery-2-104\" class=\"wp-caption-text gallery-caption\">Laboratoires pratiques<strong>Un restaurant scolaire et son self-service :<\/strong> nos propres cuisiniers pr\u00e9parent des plats chauds et frais chaque jour. La restauration n\u2019est donc pas industrielle !<\/figcaption><\/figure>\n<\/div>\n<div class=\"gallery galleryid-5 gallery-columns-2 gallery-size-medium\">\n<figure class=\"gallery-item\"><figcaption id=\"gallery-3-107\" class=\"wp-caption-text gallery-caption\">Restaurant scolaire<\/figcaption><\/figure>\n<figure class=\"gallery-item\">\n<div class=\"gallery-icon landscape\"><\/div><figcaption id=\"gallery-3-108\" class=\"wp-caption-text gallery-caption\">Self-service<\/figcaption><\/figure>\n<figure class=\"gallery-item\">\n<div class=\"gallery-icon landscape\"><\/div><figcaption id=\"gallery-3-109\" class=\"wp-caption-text gallery-caption\">Self-service<\/figcaption><\/figure>\n<figure class=\"gallery-item\">\n<div class=\"gallery-icon landscape\"><\/div><figcaption id=\"gallery-3-106\" class=\"wp-caption-text gallery-caption\">Cl\u00e9 \u00e9lectronique<strong>Un Centre P.M.S. :<\/strong>\u00a0Une antenne du Centre PMS install\u00e9e dans l\u2019\u00e9tablissement aide les \u00e9l\u00e8ves qui le souhaitent dans le choix d\u2019une orientation d\u2019\u00e9tudes et dans les diff\u00e9rents probl\u00e8mes qu\u2019ils peuvent rencontrer tout au long de leur scolarit\u00e9.<\/figcaption><\/figure>\n<\/div>\n<\/div>\n","protected":false},"excerpt":{"rendered":"<p>Bienvenue \u00e0 l\u2019Ath\u00e9n\u00e9e ! L&rsquo;Ath\u00e9n\u00e9e Campin, c&rsquo;est une \u00e9cole qui a adopt\u00e9 la chouette, symbole d&rsquo;Ath\u00e9na, la d\u00e9esse grecque du savoir et de la sagesse. C&rsquo;est un continuum p\u00e9dagogique pour vos enfants de 2,5&#46;&#46;&#46;<\/p>\n","protected":false},"author":1,"featured_media":0,"parent":0,"menu_order":0,"comment_status":"closed","ping_status":"closed","template":"","meta":[],"_links":{"self":[{"href":"https:\/\/arcampin.be\/primaire\/wp-json\/wp\/v2\/pages\/82"}],"collection":[{"href":"https:\/\/arcampin.be\/primaire\/wp-json\/wp\/v2\/pages"}],"about":[{"href":"https:\/\/arcampin.be\/primaire\/wp-json\/wp\/v2\/types\/page"}],"author":[{"embeddable":true,"href":"https:\/\/arcampin.be\/primaire\/wp-json\/wp\/v2\/users\/1"}],"replies":[{"embeddable":true,"href":"https:\/\/arcampin.be\/primaire\/wp-json\/wp\/v2\/comments?post=82"}],"version-history":[{"count":18,"href":"https:\/\/arcampin.be\/primaire\/wp-json\/wp\/v2\/pages\/82\/revisions"}],"predecessor-version":[{"id":519,"href":"https:\/\/arcampin.be\/primaire\/wp-json\/wp\/v2\/pages\/82\/revisions\/519"}],"wp:attachment":[{"href":"https:\/\/arcampin.be\/primaire\/wp-json\/wp\/v2\/media?parent=82"}],"curies":[{"name":"wp","href":"https:\/\/api.w.org\/{rel}","templated":true}]}}

Notre école

<h2>Bienvenue à l’Athénée !</h2>
<p>L&rsquo;Athénée Campin, c&rsquo;est une école qui a adopté la chouette, symbole d&rsquo;Athéna, la déesse grecque du savoir et de la sagesse.<br />
C&rsquo;est un continuum pédagogique pour vos enfants de 2,5 ans à 18 ans.</p>
<p><strong>NOTRE DEVISE: « Réussir ensemble et mener chacun vers sa propre excellence &#8230; »</strong></p>
<p><img loading="lazy" class="alignnone size-full wp-image-518" src="https://arcampin.be/primaire/wp-content/uploads/2016/11/pubfondamental.jpg" alt="pubfondamental" width="537" height="378" srcset="https://arcampin.be/primaire/wp-content/uploads/2016/11/pubfondamental.jpg 537w, https://arcampin.be/primaire/wp-content/uploads/2016/11/pubfondamental-300x211.jpg 300w" sizes="(max-width: 537px) 100vw, 537px" /></p>
<h2><strong>Que proposons-nous ?</strong></h2>
<p>En maternelle et en primaire, nous organisons de nombreuses activités qui permettent à nos élèves de s&rsquo;épanouir au mieux: activités théâtrales, séjours à l&rsquo;étranger, classes de dépaysement, visites diverses, patinoire, stage sportif, marché de Noël, aménagement d&rsquo;un grenier spatial consacré aux sciences et bien d&rsquo;autres choses encore &#8230;)</p>
<div class="gallery-icon landscape">
<h2><strong>Les plus de notre établissement?</strong></h2>
<ul>
<li><strong>Immersion</strong> précoce en anglais dès la 3e maternelle</li>
<li><strong>Immersion</strong> en langue <strong>anglaise</strong> et <strong>néerlandaise</strong> dès la 1ère commune</li>
<li><strong>Projets d’aide à la réussite :</strong> école des devoirs, méthodologie de travail, tutorat, coaching, remédiations, cours passerelle vers l’enseignement supérieur</li>
<li><strong>Ecole numérique :</strong> tableaux intéractifs utilisés dans de nombreux cours</li>
<li><strong>Nombreuses options : </strong>Campin c’est l’école des sciences, des mathématiques, de la culture, de la citoyenneté, des lettres, des sports (filles et garçons), des langues et des arts</li>
<li>Prise en charge des élèves à <strong>hauts potentiels et personnes ressources</strong> (<em>H.P., dyscalculie, dyspraxie, dyslexie</em>)</li>
<li>Cours et examens <strong>en commun</strong></li>
<li>Option « <strong>Théâtre et Littérature</strong> »</li>
</ul>
</div>
<p>&nbsp;</p>
<h2>Mais aussi …</h2>
<p>L&rsquo;Athénée est une école tournée vers les dernières technologies. L&rsquo;école dispose de nombreux tableaux interactifs dans les classes. L&rsquo;utilisation de ces supports permet aux enseignants de rendre les cours plus attrayants.</p>
<p><a href="http://arcampin.be/blog/wp-content/uploads/2016/08/Images-%C3%A9cole.004.jpeg"><img loading="lazy" class="attachment-medium " src="http://arcampin.be/blog/wp-content/uploads/2016/08/Images-%C3%A9cole.004-300x225.jpeg" sizes="(max-width: 300px) 100vw, 300px" srcset="http://arcampin.be/blog/wp-content/uploads/2016/08/Images-école.004-300x225.jpeg 300w, http://arcampin.be/blog/wp-content/uploads/2016/08/Images-école.004.jpeg 1024w" alt="Tableaux numériques" width="269" height="203" /></a>      <img loading="lazy" src="http://arcampin.be/blog/wp-content/uploads/2016/08/Images-%C3%A9cole.003-300x225.jpeg" alt="Tablettes tactiles" width="267" height="201" /></p>
<p><strong>Un restaurant scolaire et son self-service :</strong> nos propres cuisiniers préparent des plats chauds et frais chaque jour. La restauration n’est donc pas industrielle !</p>
<p><img loading="lazy" src="http://arcampin.be/blog/wp-content/uploads/2016/08/Images-%C3%A9cole.010-300x225.jpeg" alt="Self-service" width="272" height="204" />     <img loading="lazy" src="http://arcampin.be/blog/wp-content/uploads/2016/08/Images-%C3%A9cole.009-300x225.jpeg" alt="Self-service" width="275" height="206" /></p>
<p>&nbsp;</p>
<p><strong>Un Centre P.M.S. :</strong> Une antenne du Centre PMS installée dans l’établissement aide les élèves qui le souhaitent dans le choix d’une orientation d’études et dans les différents problèmes qu’ils peuvent rencontrer tout au long de leur scolarité.</p>
<div class="entry-content">
<div id="gallery-1" class="gallery galleryid-5 gallery-columns-2 gallery-size-medium">
<figure class="gallery-item"><figcaption class="wp-caption-text gallery-caption"></figcaption><figcaption id="gallery-1-113" class="wp-caption-text gallery-caption">Proclamations des lauréats en fin d’année</figcaption></figure>
<figure class="gallery-item">
<div class="gallery-icon landscape"></div><figcaption id="gallery-1-110" class="wp-caption-text gallery-caption">Pièce de théâtre en immersion</figcaption></figure>
<figure class="gallery-item">
<div class="gallery-icon landscape"></div><figcaption id="gallery-1-111" class="wp-caption-text gallery-caption">Cours d’activités variés</figcaption></figure>
<figure class="gallery-item">
<div class="gallery-icon landscape"></div><figcaption id="gallery-1-112" class="wp-caption-text gallery-caption">Voyages sportifs et plus encore …</figcaption></figure>
</div>
<div id="gallery-2" class="gallery galleryid-5 gallery-columns-2 gallery-size-medium">
<figure class="gallery-item"><figcaption id="gallery-2-105" class="wp-caption-text gallery-caption">Une salle de cours</figcaption></figure>
<figure class="gallery-item">
<div class="gallery-icon landscape"></div><figcaption id="gallery-2-102" class="wp-caption-text gallery-caption">Tablettes tactiles</figcaption></figure>
<figure class="gallery-item">
<div class="gallery-icon landscape"></div><figcaption id="gallery-2-103" class="wp-caption-text gallery-caption">Tableaux numériques</figcaption></figure>
<figure class="gallery-item">
<div class="gallery-icon landscape"></div><figcaption id="gallery-2-104" class="wp-caption-text gallery-caption">Laboratoires pratiques<strong>Un restaurant scolaire et son self-service :</strong> nos propres cuisiniers préparent des plats chauds et frais chaque jour. La restauration n’est donc pas industrielle !</figcaption></figure>
</div>
<div class="gallery galleryid-5 gallery-columns-2 gallery-size-medium">
<figure class="gallery-item"><figcaption id="gallery-3-107" class="wp-caption-text gallery-caption">Restaurant scolaire</figcaption></figure>
<figure class="gallery-item">
<div class="gallery-icon landscape"></div><figcaption id="gallery-3-108" class="wp-caption-text gallery-caption">Self-service</figcaption></figure>
<figure class="gallery-item">
<div class="gallery-icon landscape"></div><figcaption id="gallery-3-109" class="wp-caption-text gallery-caption">Self-service</figcaption></figure>
<figure class="gallery-item">
<div class="gallery-icon landscape"></div><figcaption id="gallery-3-106" class="wp-caption-text gallery-caption">Clé électronique<strong>Un Centre P.M.S. :</strong> Une antenne du Centre PMS installée dans l’établissement aide les élèves qui le souhaitent dans le choix d’une orientation d’études et dans les différents problèmes qu’ils peuvent rencontrer tout au long de leur scolarité.</figcaption></figure>
</div>
</div>

<p>Bienvenue à l’Athénée ! L&rsquo;Athénée Campin, c&rsquo;est une école qui a adopté la chouette, symbole d&rsquo;Athéna, la déesse grecque du savoir et de la sagesse. C&rsquo;est un continuum pédagogique pour vos enfants de 2,5&#46;&#46;&#46;</p>
