{"id":2796,"date":"2021-02-10T08:58:54","date_gmt":"2021-02-10T07:58:54","guid":{"rendered":"https:\/\/arcampin.be\/primaire\/?page_id=2796"},"modified":"2021-03-10T19:14:12","modified_gmt":"2021-03-10T18:14:12","slug":"visite-virtuelle-de-lecole","status":"publish","type":"page","link":"https:\/\/arcampin.be\/primaire\/visite-virtuelle-de-lecole\/","title":{"rendered":"VISITE virtuelle de l&rsquo;\u00e9cole"},"content":{"rendered":"<h5><span style=\"color: #ff0000;\"><strong><span style=\"color: #800000;\">NOUVEAU (10 mars 2021)<\/span>: \u00ab\u00a0Pr\u00e9sentation virtuelle de notre \u00e9cole\u00a0\u00bb<\/strong><\/span><\/h5>\n<p>Voici un diaporama de pr\u00e9sentation de notre section fondamentale.<br \/>\nPour des raisons techniques,\u00a0 veuillez suivre les diff\u00e9rentes \u00e9tapes qui vous permettront de\u00a0 visualiser le diaporama.<br \/>\n<strong>1.<\/strong>\u00a0Cliquez sur l&rsquo;image ci-dessous.<br \/>\n<strong>2.<\/strong>\u00a0Une fois sur le diaporama, t\u00e9l\u00e9chargez-le en cliquant sur le logo correspondant au t\u00e9l\u00e9chargement\u00a0 \u00a0\u00a0<a href=\"https:\/\/drive.google.com\/file\/d\/1tziJX4LKgEVP2Bsd16pCiBma0GpjxrjG\/view?fbclid=IwAR3Upl3OYlIoxee9DjQPCQGRZo912ZxsX8U0rvQwg-ip-0BRyAFrV3SFVLE\" target=\"_blank\"><img loading=\"lazy\" class=\"alignnone wp-image-2883\" src=\"https:\/\/arcampin.be\/primaire\/wp-content\/uploads\/2021\/03\/logotelechargement.jpg\" alt=\"logotelechargement\" width=\"29\" height=\"28\" \/><\/a><br \/>\n<strong>3.<\/strong>\u00a0Enfin, ouvrez votre t\u00e9l\u00e9chargement vous d\u00e9couvrir la pr\u00e9sentation de notre \u00e9cole.<\/p>\n<p><a href=\"https:\/\/drive.google.com\/file\/d\/1tziJX4LKgEVP2Bsd16pCiBma0GpjxrjG\/view?fbclid=IwAR3Upl3OYlIoxee9DjQPCQGRZo912ZxsX8U0rvQwg-ip-0BRyAFrV3SFVLE\" target=\"_blank\"><img loading=\"lazy\" class=\"alignnone wp-image-2878 size-full\" src=\"https:\/\/arcampin.be\/primaire\/wp-content\/uploads\/2021\/03\/diapoecole.jpg\" alt=\"diapoecole\" width=\"708\" height=\"400\" srcset=\"https:\/\/arcampin.be\/primaire\/wp-content\/uploads\/2021\/03\/diapoecole.jpg 708w, https:\/\/arcampin.be\/primaire\/wp-content\/uploads\/2021\/03\/diapoecole-500x282.jpg 500w\" sizes=\"(max-width: 708px) 100vw, 708px\" \/><\/a><span style=\"text-decoration: underline; color: #ff0000;\"><a style=\"color: #ff0000; text-decoration: underline;\" href=\"https:\/\/drive.google.com\/file\/d\/1tziJX4LKgEVP2Bsd16pCiBma0GpjxrjG\/view?fbclid=IwAR3Upl3OYlIoxee9DjQPCQGRZo912ZxsX8U0rvQwg-ip-0BRyAFrV3SFVLE\" target=\"_blank\">LIEN VERS LE DIAPORAMA DE PRESENTATION DE NOTRE SECTION FONDAMENTALE<\/a><\/span><\/p>\n<h5><span style=\"color: #ff6600;\">D\u00e9couvrez notre section primaire \u00e0 travers cette petite vid\u00e9o de pr\u00e9sentation.<\/span><br \/>\n<span style=\"color: #ff6600;\">Montez le son et cliquez \u2026<\/span><\/h5>\n<div style=\"width: 1280px;\" class=\"wp-video\"><!--[if lt IE 9]><script>document.createElement('video');<\/script><![endif]-->\n<video class=\"wp-video-shortcode\" id=\"video-2796-1\" width=\"1280\" height=\"720\" preload=\"metadata\" controls=\"controls\"><source type=\"video\/mp4\" src=\"https:\/\/arcampin.be\/primaire\/wp-content\/uploads\/2020\/06\/visiteecole.mp4?_=1\" \/><a href=\"https:\/\/arcampin.be\/primaire\/wp-content\/uploads\/2020\/06\/visiteecole.mp4\">https:\/\/arcampin.be\/primaire\/wp-content\/uploads\/2020\/06\/visiteecole.mp4<\/a><\/video><\/div>\n<p>&nbsp;<\/p>\n<p>&nbsp;<\/p>\n","protected":false},"excerpt":{"rendered":"<p>NOUVEAU (10 mars 2021): \u00ab\u00a0Pr\u00e9sentation virtuelle de notre \u00e9cole\u00a0\u00bb Voici un diaporama de pr\u00e9sentation de notre section fondamentale. Pour des raisons techniques,\u00a0 veuillez suivre les diff\u00e9rentes \u00e9tapes qui vous permettront de\u00a0 visualiser le diaporama.&#46;&#46;&#46;<\/p>\n","protected":false},"author":1,"featured_media":0,"parent":0,"menu_order":0,"comment_status":"closed","ping_status":"closed","template":"","meta":[],"_links":{"self":[{"href":"https:\/\/arcampin.be\/primaire\/wp-json\/wp\/v2\/pages\/2796"}],"collection":[{"href":"https:\/\/arcampin.be\/primaire\/wp-json\/wp\/v2\/pages"}],"about":[{"href":"https:\/\/arcampin.be\/primaire\/wp-json\/wp\/v2\/types\/page"}],"author":[{"embeddable":true,"href":"https:\/\/arcampin.be\/primaire\/wp-json\/wp\/v2\/users\/1"}],"replies":[{"embeddable":true,"href":"https:\/\/arcampin.be\/primaire\/wp-json\/wp\/v2\/comments?post=2796"}],"version-history":[{"count":7,"href":"https:\/\/arcampin.be\/primaire\/wp-json\/wp\/v2\/pages\/2796\/revisions"}],"predecessor-version":[{"id":3310,"href":"https:\/\/arcampin.be\/primaire\/wp-json\/wp\/v2\/pages\/2796\/revisions\/3310"}],"wp:attachment":[{"href":"https:\/\/arcampin.be\/primaire\/wp-json\/wp\/v2\/media?parent=2796"}],"curies":[{"name":"wp","href":"https:\/\/api.w.org\/{rel}","templated":true}]}}