{"id":26,"date":"2016-10-03T19:21:20","date_gmt":"2016-10-03T17:21:20","guid":{"rendered":"https:\/\/arcampin.be\/primaire\/?page_id=26"},"modified":"2025-09-24T08:45:28","modified_gmt":"2025-09-24T06:45:28","slug":"les-menus-du-mois","status":"publish","type":"page","link":"https:\/\/arcampin.be\/primaire\/les-menus-du-mois\/","title":{"rendered":"Les menus du mois"},"content":{"rendered":"\n<p>C&rsquo;est reparti pour une nouvelle ann\u00e9e scolaire avec des repas vari\u00e9s et \u00e9quilibr\u00e9s pr\u00e9par\u00e9s dans nos propres cuisines.<\/p>\n\n\n\n<p>Voici le menu du mois d&rsquo;octobre 2025.<\/p>\n\n\n\n<figure class=\"wp-block-image size-large\"><a href=\"https:\/\/arcampin.be\/primaire\/wp-content\/uploads\/2025\/09\/menusept25.jpg\" target=\"_blank\" rel=\"noreferrer noopener\"><img loading=\"lazy\" width=\"1024\" height=\"653\" src=\"https:\/\/arcampin.be\/primaire\/wp-content\/uploads\/2025\/09\/menusept25-1024x653.jpg\" alt=\"\" class=\"wp-image-3428\" srcset=\"https:\/\/arcampin.be\/primaire\/wp-content\/uploads\/2025\/09\/menusept25-1024x653.jpg 1024w, https:\/\/arcampin.be\/primaire\/wp-content\/uploads\/2025\/09\/menusept25-470x300.jpg 470w, https:\/\/arcampin.be\/primaire\/wp-content\/uploads\/2025\/09\/menusept25-768x490.jpg 768w, https:\/\/arcampin.be\/primaire\/wp-content\/uploads\/2025\/09\/menusept25.jpg 1292w\" sizes=\"(max-width: 1024px) 100vw, 1024px\" \/><\/a><\/figure>\n\n\n\n<p>Voici les menus des mois d&rsquo;ao\u00fbt et septembre 2025.<\/p>\n\n\n\n<figure class=\"wp-block-image size-large\"><img loading=\"lazy\" width=\"1024\" height=\"712\" src=\"https:\/\/arcampin.be\/primaire\/wp-content\/uploads\/2025\/08\/menusept25-1-1024x712.jpg\" alt=\"\" class=\"wp-image-3386\" srcset=\"https:\/\/arcampin.be\/primaire\/wp-content\/uploads\/2025\/08\/menusept25-1-1024x712.jpg 1024w, https:\/\/arcampin.be\/primaire\/wp-content\/uploads\/2025\/08\/menusept25-1-431x300.jpg 431w, https:\/\/arcampin.be\/primaire\/wp-content\/uploads\/2025\/08\/menusept25-1-768x534.jpg 768w, https:\/\/arcampin.be\/primaire\/wp-content\/uploads\/2025\/08\/menusept25-1.jpg 1078w\" sizes=\"(max-width: 1024px) 100vw, 1024px\" \/><\/figure>\n\n\n\n<figure class=\"wp-block-image\"><img loading=\"lazy\" width=\"384\" height=\"279\" src=\"https:\/\/arcampin.be\/primaire\/wp-content\/uploads\/2016\/12\/bonappratatouille.gif\" alt=\"bonappratatouille\" class=\"wp-image-666\"\/><\/figure>\n","protected":false},"excerpt":{"rendered":"<p>C&rsquo;est reparti pour une nouvelle ann\u00e9e scolaire avec des repas vari\u00e9s et \u00e9quilibr\u00e9s pr\u00e9par\u00e9s dans nos propres cuisines. Voici le menu du mois d&rsquo;octobre 2025. Voici les menus des mois d&rsquo;ao\u00fbt et septembre 2025.<\/p>\n","protected":false},"author":1,"featured_media":0,"parent":0,"menu_order":0,"comment_status":"closed","ping_status":"closed","template":"","meta":[],"_links":{"self":[{"href":"https:\/\/arcampin.be\/primaire\/wp-json\/wp\/v2\/pages\/26"}],"collection":[{"href":"https:\/\/arcampin.be\/primaire\/wp-json\/wp\/v2\/pages"}],"about":[{"href":"https:\/\/arcampin.be\/primaire\/wp-json\/wp\/v2\/types\/page"}],"author":[{"embeddable":true,"href":"https:\/\/arcampin.be\/primaire\/wp-json\/wp\/v2\/users\/1"}],"replies":[{"embeddable":true,"href":"https:\/\/arcampin.be\/primaire\/wp-json\/wp\/v2\/comments?post=26"}],"version-history":[{"count":47,"href":"https:\/\/arcampin.be\/primaire\/wp-json\/wp\/v2\/pages\/26\/revisions"}],"predecessor-version":[{"id":3429,"href":"https:\/\/arcampin.be\/primaire\/wp-json\/wp\/v2\/pages\/26\/revisions\/3429"}],"wp:attachment":[{"href":"https:\/\/arcampin.be\/primaire\/wp-json\/wp\/v2\/media?parent=26"}],"curies":[{"name":"wp","href":"https:\/\/api.w.org\/{rel}","templated":true}]}}

<p>C&rsquo;est reparti pour une nouvelle année scolaire avec des repas variés et équilibrés préparés dans nos propres cuisines.</p>



<p>Voici le menu du mois d&rsquo;octobre 2025.</p>



<figure class="wp-block-image size-large"><a href="https://arcampin.be/primaire/wp-content/uploads/2025/09/menusept25.jpg" target="_blank" rel="noreferrer noopener"><img loading="lazy" width="1024" height="653" src="https://arcampin.be/primaire/wp-content/uploads/2025/09/menusept25-1024x653.jpg" alt="" class="wp-image-3428" srcset="https://arcampin.be/primaire/wp-content/uploads/2025/09/menusept25-1024x653.jpg 1024w, https://arcampin.be/primaire/wp-content/uploads/2025/09/menusept25-470x300.jpg 470w, https://arcampin.be/primaire/wp-content/uploads/2025/09/menusept25-768x490.jpg 768w, https://arcampin.be/primaire/wp-content/uploads/2025/09/menusept25.jpg 1292w" sizes="(max-width: 1024px) 100vw, 1024px" /></a></figure>



<p>Voici les menus des mois d&rsquo;août et septembre 2025.</p>



<figure class="wp-block-image size-large"><img loading="lazy" width="1024" height="712" src="https://arcampin.be/primaire/wp-content/uploads/2025/08/menusept25-1-1024x712.jpg" alt="" class="wp-image-3386" srcset="https://arcampin.be/primaire/wp-content/uploads/2025/08/menusept25-1-1024x712.jpg 1024w, https://arcampin.be/primaire/wp-content/uploads/2025/08/menusept25-1-431x300.jpg 431w, https://arcampin.be/primaire/wp-content/uploads/2025/08/menusept25-1-768x534.jpg 768w, https://arcampin.be/primaire/wp-content/uploads/2025/08/menusept25-1.jpg 1078w" sizes="(max-width: 1024px) 100vw, 1024px" /></figure>



<figure class="wp-block-image"><img loading="lazy" width="384" height="279" src="https://arcampin.be/primaire/wp-content/uploads/2016/12/bonappratatouille.gif" alt="bonappratatouille" class="wp-image-666"/></figure>

<p>C&rsquo;est reparti pour une nouvelle année scolaire avec des repas variés et équilibrés préparés dans nos propres cuisines. Voici le menu du mois d&rsquo;octobre 2025. Voici les menus des mois d&rsquo;août et septembre 2025.</p>
