{"id":18,"date":"2016-10-03T19:17:17","date_gmt":"2016-10-03T17:17:17","guid":{"rendered":"https:\/\/arcampin.be\/primaire\/?page_id=18"},"modified":"2020-06-21T20:02:06","modified_gmt":"2020-06-21T18:02:06","slug":"lassociation-de-parents","status":"publish","type":"page","link":"https:\/\/arcampin.be\/primaire\/lassociation-de-parents\/","title":{"rendered":"Association de parents"},"content":{"rendered":"<p><strong>Depuis quelques ann\u00e9es, une Association de Parents dynamique a vu le jour au sein de notre section fondamentale.<\/strong><\/p>\n<p><strong>Pr\u00e9sentation par les membres de l&rsquo;Association<\/strong><\/p>\n<p>Fabrice Parent: pr\u00e9sident \u00a0 \u00a0 \u00a0Mail: \u00a0<a href=\"mailto:fabriceparent.1@gmail.com\">fabriceparent.1@gmail.com<\/a><br \/>\nJean-Fr\u00e9d\u00e9ric Collin: secr\u00e9taire \u00a0 \u00a0Mail:\u00a0<a href=\"mailto:jfco29@yahoo.fr\">jfco29@yahoo.fr<\/a><br \/>\nDelphine Hanicq: tr\u00e9sori\u00e8re<br \/>\nMembres actifs: Emilie, Benoit, Benedetto, Laetitia, Caroline, &#8230;<\/p>\n<p><strong>Contact mail : \u00a0<a href=\"apfcampin@gmail.com\">apfcampin@gmail.com<\/a><\/strong><\/p>\n<p>Des parents qui\u00a0s&rsquo;interrogent et r\u00eavent du meilleur pour la vie scolaire de nos enfants.<br \/>\n<em>\u00ab\u00a0Nous travaillons ENSEMBLE pour TOUS.\u00a0\u00bb<\/em><br \/>\n<em>\u00ab\u00a0Nous repr\u00e9sentons TOUS les \u00e9l\u00e8ves et TOUS les parents de notre \u00e9cole.\u00a0\u00bb<\/em><\/p>\n<p><span style=\"color: #cc3333;\"><u>Que faisons-nous ?<\/u><\/span><\/p>\n<p>1. Nous sommes un relais entre vous, vos enfants et l&rsquo;\u00e9quipe \u00e9ducative.<br \/>\n2. Une main tendue vers le corps enseignant.<br \/>\n3. Donner des id\u00e9es et un peu de notre temps pour nos enfants.<br \/>\n4. Cr\u00e9ations d&rsquo;activit\u00e9s.<\/p>\n<p><span style=\"color: #cc3333;\"><u>Boite aux lettres<\/u><\/span><\/p>\n<p>Dans le hall d&rsquo;entr\u00e9e de l&rsquo;\u00e9cole, vous trouverez une bo\u00eete dans laquelle vous pouvez y glisser vos messages.<br \/>\nElle est relev\u00e9e deux fois par semaine.<\/p>\n<p><span style=\"color: #cc3333;\"><u>Nous rejoindre ?<\/u><\/span><\/p>\n<p>Une r\u00e9union est pr\u00e9vue chaque 1er vendredi du mois jusqu&rsquo;\u00e0 nouvel ordre.<br \/>\nVous pouvez nous laisser vos coordonn\u00e9es si vous n&rsquo;avez pas l&rsquo;occasion d&rsquo;assister \u00e0 nos r\u00e9unions.<\/p>\n<p><strong><a href=\"http:\/\/www.apf-campin.be\/\">Voici le lien vers le site de l&rsquo;Association de Parents de notre section fondamentale<\/a><\/strong><\/p>\n<p>&nbsp;<\/p>\n","protected":false},"excerpt":{"rendered":"<p>Depuis quelques ann\u00e9es, une Association de Parents dynamique a vu le jour au sein de notre section fondamentale. Pr\u00e9sentation par les membres de l&rsquo;Association Fabrice Parent: pr\u00e9sident \u00a0 \u00a0 \u00a0Mail: \u00a0fabriceparent.1@gmail.com Jean-Fr\u00e9d\u00e9ric Collin: secr\u00e9taire&#46;&#46;&#46;<\/p>\n","protected":false},"author":1,"featured_media":0,"parent":0,"menu_order":0,"comment_status":"closed","ping_status":"closed","template":"","meta":[],"_links":{"self":[{"href":"https:\/\/arcampin.be\/primaire\/wp-json\/wp\/v2\/pages\/18"}],"collection":[{"href":"https:\/\/arcampin.be\/primaire\/wp-json\/wp\/v2\/pages"}],"about":[{"href":"https:\/\/arcampin.be\/primaire\/wp-json\/wp\/v2\/types\/page"}],"author":[{"embeddable":true,"href":"https:\/\/arcampin.be\/primaire\/wp-json\/wp\/v2\/users\/1"}],"replies":[{"embeddable":true,"href":"https:\/\/arcampin.be\/primaire\/wp-json\/wp\/v2\/comments?post=18"}],"version-history":[{"count":15,"href":"https:\/\/arcampin.be\/primaire\/wp-json\/wp\/v2\/pages\/18\/revisions"}],"predecessor-version":[{"id":2600,"href":"https:\/\/arcampin.be\/primaire\/wp-json\/wp\/v2\/pages\/18\/revisions\/2600"}],"wp:attachment":[{"href":"https:\/\/arcampin.be\/primaire\/wp-json\/wp\/v2\/media?parent=18"}],"curies":[{"name":"wp","href":"https:\/\/api.w.org\/{rel}","templated":true}]}}