{"id":157,"date":"2016-10-05T00:10:32","date_gmt":"2016-10-04T22:10:32","guid":{"rendered":"https:\/\/arcampin.be\/primaire\/?page_id=157"},"modified":"2016-11-12T19:45:29","modified_gmt":"2016-11-12T18:45:29","slug":"projet-damenagement-de-la-cour","status":"publish","type":"page","link":"https:\/\/arcampin.be\/primaire\/projet-damenagement-de-la-cour\/","title":{"rendered":"Projet d&rsquo;am\u00e9nagement de la cour"},"content":{"rendered":"<p>Depuis peu, la cour de r\u00e9cr\u00e9ation fait l&rsquo;objet d&rsquo;un petit lifting afin que nos \u00e9l\u00e8ves puissent s&rsquo;\u00e9panouir au mieux.<\/p>\n<p><img loading=\"lazy\" class=\"alignnone size-full wp-image-391\" src=\"https:\/\/arcampin.be\/primaire\/wp-content\/uploads\/2016\/11\/cour3-1.jpg\" alt=\"cour3\" width=\"954\" height=\"612\" srcset=\"https:\/\/arcampin.be\/primaire\/wp-content\/uploads\/2016\/11\/cour3-1.jpg 954w, https:\/\/arcampin.be\/primaire\/wp-content\/uploads\/2016\/11\/cour3-1-300x192.jpg 300w, https:\/\/arcampin.be\/primaire\/wp-content\/uploads\/2016\/11\/cour3-1-768x493.jpg 768w\" sizes=\"(max-width: 954px) 100vw, 954px\" \/><\/p>\n<p>Sur le plan ci-dessus, vous pouvez d\u00e9couvrir un aper\u00e7u du plan d&rsquo;am\u00e9nagement qui comprend les espaces suivants:<\/p>\n<p><b><span style=\"color: #ff0000;\">\u00ab\u00a0L&rsquo;espace calme\u00a0\u00bb<\/span><\/b><br \/>\nEspace qui est d\u00e9di\u00e9 aux enfants qui d\u00e9sirent \u00eatre au calme pour prendre le temps de discuter, de se ressourcer, de lire, de manger leur collation, de dessiner, &#8230;<\/p>\n<p><img loading=\"lazy\" class=\"alignnone wp-image-382\" src=\"https:\/\/arcampin.be\/primaire\/wp-content\/uploads\/2016\/11\/cour1-300x199.jpg\" alt=\"cour1\" width=\"274\" height=\"181\" srcset=\"https:\/\/arcampin.be\/primaire\/wp-content\/uploads\/2016\/11\/cour1-300x199.jpg 300w, https:\/\/arcampin.be\/primaire\/wp-content\/uploads\/2016\/11\/cour1.jpg 545w\" sizes=\"(max-width: 274px) 100vw, 274px\" \/>\u00a0 \u00a0\u00a0<img loading=\"lazy\" class=\"alignnone wp-image-386\" src=\"https:\/\/arcampin.be\/primaire\/wp-content\/uploads\/2016\/11\/cour5-300x199.jpg\" alt=\"cour5\" width=\"276\" height=\"183\" srcset=\"https:\/\/arcampin.be\/primaire\/wp-content\/uploads\/2016\/11\/cour5-300x199.jpg 300w, https:\/\/arcampin.be\/primaire\/wp-content\/uploads\/2016\/11\/cour5.jpg 545w\" sizes=\"(max-width: 276px) 100vw, 276px\" \/><\/p>\n<p><b><span style=\"color: #ff0000;\">\u00ab\u00a0L&rsquo;espace ballons \u00ab\u00a0<\/span><\/b><br \/>\nPour les \u00e9l\u00e8ves qui d\u00e9sirent jouer au ballon (football, basket, &#8230;), le terrain de sport \u00e0 pr\u00e9sent s\u00e9curis\u00e9 est mis \u00e0 leur disposition. Les ballons en mousse sont fournis par l&rsquo;\u00e9cole et g\u00e9r\u00e9s par les instituteurs et surveillants. Pour rappel, les ballons en cuir sont interdits.<\/p>\n<p><img loading=\"lazy\" class=\"alignnone wp-image-383\" src=\"https:\/\/arcampin.be\/primaire\/wp-content\/uploads\/2016\/11\/cour2-300x199.jpg\" alt=\"cour2\" width=\"274\" height=\"182\" srcset=\"https:\/\/arcampin.be\/primaire\/wp-content\/uploads\/2016\/11\/cour2-300x199.jpg 300w, https:\/\/arcampin.be\/primaire\/wp-content\/uploads\/2016\/11\/cour2.jpg 545w\" sizes=\"(max-width: 274px) 100vw, 274px\" \/>\u00a0 \u00a0\u00a0<img loading=\"lazy\" class=\"alignnone wp-image-385\" src=\"https:\/\/arcampin.be\/primaire\/wp-content\/uploads\/2016\/11\/cour4-300x199.jpg\" alt=\"cour4\" width=\"277\" height=\"183\" srcset=\"https:\/\/arcampin.be\/primaire\/wp-content\/uploads\/2016\/11\/cour4-300x199.jpg 300w, https:\/\/arcampin.be\/primaire\/wp-content\/uploads\/2016\/11\/cour4.jpg 545w\" sizes=\"(max-width: 277px) 100vw, 277px\" \/><\/p>\n<p align=\"left\"><b><span style=\"color: #ff0000;\">\u00ab\u00a0L&rsquo;espace course\u00a0\u00bb<\/span><\/b><br \/>\nPour ceux qui veulent bouger un peu plus, \u00ab\u00a0l&rsquo;espace course\u00a0\u00bb est le lieu id\u00e9al pour les \u00e9l\u00e8ves qui pr\u00e9f\u00e8rent se d\u00e9fouler, courir, danser, &#8230; le tout dans le respect du r\u00e8glement de l&rsquo;\u00e9cole.<\/p>\n<p><b><span style=\"color: #ff0000;\">\u00ab\u00a0L&rsquo;espace r\u00e9flexion \u00ab\u00a0<\/span><\/b><br \/>\nSi un \u00e9l\u00e8ve ne respecte pas les r\u00e8gles d\u00e9finies dans chaque zone, il passera un moment dans \u00ab\u00a0l&rsquo;espace r\u00e9flexion\u00a0\u00bb o\u00f9 il aura l&rsquo;occasion de discuter avec un r\u00e9f\u00e9rant. Il sera ainsi conscientis\u00e9 sur son comportement inad\u00e9quat.<\/p>\n<p align=\"left\">Ce projet sera souvent \u00e9valu\u00e9 par les enfants. Des cercles de parole seront \u00e9galement propos\u00e9s dans chaque classe afin que chacun puisse s&rsquo;exprimer et (r\u00e9)apprendre \u00e0 communiquer de mani\u00e8re \u00ab\u00a0non-violente\u00a0\u00bb avec les autres.<\/p>\n<p align=\"left\">Ce plan d&rsquo;action a \u00e9t\u00e9 pens\u00e9 et voulu par toute l&rsquo;\u00e9quipe p\u00e9dagogique qui souhaite vraiment que les r\u00e9cr\u00e9ations redeviennent un moment de d\u00e9tente et de plaisir.<\/p>\n<p align=\"left\"><span style=\"color: #ff0000;\"><b>A venir &#8230;<\/b><\/span><\/p>\n<p>Voici quelques am\u00e9nagements pr\u00e9vus assez rapidement:<\/p>\n<p>&#8211; Am\u00e9nagement de l&rsquo;espace vert avec notamment l&rsquo;\u00e9lagage des arbres.<br \/>\nCes travaux de jardinage qui sont pr\u00e9vus durant la semaine du cong\u00e9 \u00a0\u00a0d&rsquo;automne.<br \/>\n&#8211; Jeux ext\u00e9rieurs au sol (marelle, labyrinthe, jeu de l&rsquo;oie, &#8230;)<br \/>\n&#8211; Boites ludiques avec pr\u00e8s des bancs de \u00ab\u00a0l&rsquo;espace calme\u00a0\u00bb avec des jeux de<br \/>\ncartes, livres, &#8230; qui seront mis \u00e0 la disposition des \u00e9l\u00e8ves.<\/p>\n<p>&nbsp;<\/p>\n<p>&nbsp;<\/p>\n<p>&nbsp;<\/p>\n","protected":false},"excerpt":{"rendered":"<p>Depuis peu, la cour de r\u00e9cr\u00e9ation fait l&rsquo;objet d&rsquo;un petit lifting afin que nos \u00e9l\u00e8ves puissent s&rsquo;\u00e9panouir au mieux. Sur le plan ci-dessus, vous pouvez d\u00e9couvrir un aper\u00e7u du plan d&rsquo;am\u00e9nagement qui comprend les&#46;&#46;&#46;<\/p>\n","protected":false},"author":1,"featured_media":0,"parent":0,"menu_order":0,"comment_status":"closed","ping_status":"closed","template":"","meta":[],"_links":{"self":[{"href":"https:\/\/arcampin.be\/primaire\/wp-json\/wp\/v2\/pages\/157"}],"collection":[{"href":"https:\/\/arcampin.be\/primaire\/wp-json\/wp\/v2\/pages"}],"about":[{"href":"https:\/\/arcampin.be\/primaire\/wp-json\/wp\/v2\/types\/page"}],"author":[{"embeddable":true,"href":"https:\/\/arcampin.be\/primaire\/wp-json\/wp\/v2\/users\/1"}],"replies":[{"embeddable":true,"href":"https:\/\/arcampin.be\/primaire\/wp-json\/wp\/v2\/comments?post=157"}],"version-history":[{"count":5,"href":"https:\/\/arcampin.be\/primaire\/wp-json\/wp\/v2\/pages\/157\/revisions"}],"predecessor-version":[{"id":497,"href":"https:\/\/arcampin.be\/primaire\/wp-json\/wp\/v2\/pages\/157\/revisions\/497"}],"wp:attachment":[{"href":"https:\/\/arcampin.be\/primaire\/wp-json\/wp\/v2\/media?parent=157"}],"curies":[{"name":"wp","href":"https:\/\/api.w.org\/{rel}","templated":true}]}}