{"id":128,"date":"2016-10-04T23:10:48","date_gmt":"2016-10-04T21:10:48","guid":{"rendered":"https:\/\/arcampin.be\/primaire\/?page_id=128"},"modified":"2018-02-07T14:26:50","modified_gmt":"2018-02-07T13:26:50","slug":"classes-vertes-a-wellin","status":"publish","type":"page","link":"https:\/\/arcampin.be\/primaire\/classes-vertes-a-wellin\/","title":{"rendered":"Classes vertes \u00e0 Wellin"},"content":{"rendered":"<p>Chaque ann\u00e9e, les \u00e9l\u00e8ves de 1re ann\u00e9e passent une semaine \u00e0 Wellin dans les Ardennes.<\/p>\n<p><a href=\"https:\/\/arcampin.be\/primaire\/wp-content\/uploads\/2016\/11\/wellin120.jpg\" target=\"_blank\"><img loading=\"lazy\" class=\"alignnone size-full wp-image-622\" src=\"https:\/\/arcampin.be\/primaire\/wp-content\/uploads\/2016\/11\/wellin120.jpg\" alt=\"wellin120\" width=\"2241\" height=\"1000\" srcset=\"https:\/\/arcampin.be\/primaire\/wp-content\/uploads\/2016\/11\/wellin120.jpg 2241w, https:\/\/arcampin.be\/primaire\/wp-content\/uploads\/2016\/11\/wellin120-300x134.jpg 300w, https:\/\/arcampin.be\/primaire\/wp-content\/uploads\/2016\/11\/wellin120-768x343.jpg 768w, https:\/\/arcampin.be\/primaire\/wp-content\/uploads\/2016\/11\/wellin120-1024x457.jpg 1024w, https:\/\/arcampin.be\/primaire\/wp-content\/uploads\/2016\/11\/wellin120-604x270.jpg 604w\" sizes=\"(max-width: 2241px) 100vw, 2241px\" \/><\/a><\/p>\n<p>Sur place, de nombreuses activit\u00e9s leur sont propos\u00e9es comme le visite du ch\u00e2teau de V\u00eaves, la d\u00e9couverte de la grotte \u00ab\u00a0la Merveilleuse\u00a0\u00bb, &#8230;<br \/>\nIls participent \u00e9galement au soin des animaux de la ferme et observe la vie des abeilles gr\u00e2ce aux explications d&rsquo;un apiculteur.<\/p>\n<p><img loading=\"lazy\" class=\"alignnone wp-image-619\" src=\"https:\/\/arcampin.be\/primaire\/wp-content\/uploads\/2016\/11\/wellin_jeudi5.jpg\" alt=\"wellin_jeudi5\" width=\"379\" height=\"284\" srcset=\"https:\/\/arcampin.be\/primaire\/wp-content\/uploads\/2016\/11\/wellin_jeudi5.jpg 480w, https:\/\/arcampin.be\/primaire\/wp-content\/uploads\/2016\/11\/wellin_jeudi5-300x225.jpg 300w\" sizes=\"(max-width: 379px) 100vw, 379px\" \/>\u00a0 \u00a0<img loading=\"lazy\" class=\"alignnone wp-image-601\" src=\"https:\/\/arcampin.be\/primaire\/wp-content\/uploads\/2016\/11\/wellin_mercredi_6.jpg\" alt=\"wellin_mercredi_6\" width=\"211\" height=\"281\" srcset=\"https:\/\/arcampin.be\/primaire\/wp-content\/uploads\/2016\/11\/wellin_mercredi_6.jpg 1200w, https:\/\/arcampin.be\/primaire\/wp-content\/uploads\/2016\/11\/wellin_mercredi_6-225x300.jpg 225w, https:\/\/arcampin.be\/primaire\/wp-content\/uploads\/2016\/11\/wellin_mercredi_6-768x1024.jpg 768w\" sizes=\"(max-width: 211px) 100vw, 211px\" \/><\/p>\n<p><img loading=\"lazy\" class=\"alignnone wp-image-616\" src=\"https:\/\/arcampin.be\/primaire\/wp-content\/uploads\/2016\/11\/wellin_jeudi3.jpg\" alt=\"wellin_jeudi3\" width=\"334\" height=\"250\" srcset=\"https:\/\/arcampin.be\/primaire\/wp-content\/uploads\/2016\/11\/wellin_jeudi3.jpg 480w, https:\/\/arcampin.be\/primaire\/wp-content\/uploads\/2016\/11\/wellin_jeudi3-300x225.jpg 300w\" sizes=\"(max-width: 334px) 100vw, 334px\" \/>\u00a0 \u00a0<img loading=\"lazy\" class=\"alignnone wp-image-615\" src=\"https:\/\/arcampin.be\/primaire\/wp-content\/uploads\/2016\/11\/wellin_jeudi2.jpg\" alt=\"wellin_jeudi2\" width=\"256\" height=\"252\" srcset=\"https:\/\/arcampin.be\/primaire\/wp-content\/uploads\/2016\/11\/wellin_jeudi2.jpg 703w, https:\/\/arcampin.be\/primaire\/wp-content\/uploads\/2016\/11\/wellin_jeudi2-300x295.jpg 300w\" sizes=\"(max-width: 256px) 100vw, 256px\" \/><\/p>\n<p><img loading=\"lazy\" class=\"alignnone size-full wp-image-614\" src=\"https:\/\/arcampin.be\/primaire\/wp-content\/uploads\/2016\/11\/wellin_jeudi1.jpg\" alt=\"wellin_jeudi1\" width=\"840\" height=\"407\" srcset=\"https:\/\/arcampin.be\/primaire\/wp-content\/uploads\/2016\/11\/wellin_jeudi1.jpg 840w, https:\/\/arcampin.be\/primaire\/wp-content\/uploads\/2016\/11\/wellin_jeudi1-300x145.jpg 300w, https:\/\/arcampin.be\/primaire\/wp-content\/uploads\/2016\/11\/wellin_jeudi1-768x372.jpg 768w\" sizes=\"(max-width: 840px) 100vw, 840px\" \/><\/p>\n<p><img loading=\"lazy\" class=\"alignnone wp-image-597\" src=\"https:\/\/arcampin.be\/primaire\/wp-content\/uploads\/2016\/11\/wellin_mercredi_2.jpg\" alt=\"wellin_mercredi_2\" width=\"602\" height=\"283\" srcset=\"https:\/\/arcampin.be\/primaire\/wp-content\/uploads\/2016\/11\/wellin_mercredi_2.jpg 479w, https:\/\/arcampin.be\/primaire\/wp-content\/uploads\/2016\/11\/wellin_mercredi_2-300x141.jpg 300w\" sizes=\"(max-width: 602px) 100vw, 602px\" \/><\/p>\n<p>Dans les bois, les jeux et les observations se multiplient donnant ainsi l&rsquo;occasion aux enfants de prendre un grand bol d&rsquo;air.<br \/>\nUn moment attendu chaque ann\u00e9e par tous les enfants.<\/p>\n<p><strong>Photos des classes vertes \u00e0 Wellin (Janvier 2018)<\/strong><\/p>\n\n\t\t<style>\n\t\t\t#gallery-1 {\n\t\t\t\tmargin: auto;\n\t\t\t}\n\t\t\t#gallery-1 .gallery-item {\n\t\t\t\tfloat: left;\n\t\t\t\tmargin-top: 10px;\n\t\t\t\ttext-align: center;\n\t\t\t\twidth: 20%;\n\t\t\t}\n\t\t\t#gallery-1 img {\n\t\t\t\tborder: 2px solid #cfcfcf;\n\t\t\t}\n\t\t\t#gallery-1 .gallery-caption {\n\t\t\t\tmargin-left: 0;\n\t\t\t}\n\t\t\t\/* see gallery_shortcode() in wp-includes\/media.php *\/\n\t\t<\/style>\n\t\t<div id='gallery-1' class='gallery galleryid-128 gallery-columns-5 gallery-size-thumbnail'><dl class='gallery-item'>\n\t\t\t<dt class='gallery-icon landscape'>\n\t\t\t\t<a href='https:\/\/arcampin.be\/primaire\/wp-content\/uploads\/2018\/01\/wellin32.jpg'><img width=\"150\" height=\"150\" src=\"https:\/\/arcampin.be\/primaire\/wp-content\/uploads\/2018\/01\/wellin32-150x150.jpg\" class=\"attachment-thumbnail size-thumbnail\" alt=\"\" loading=\"lazy\" \/><\/a>\n\t\t\t<\/dt><\/dl><dl class='gallery-item'>\n\t\t\t<dt class='gallery-icon portrait'>\n\t\t\t\t<a href='https:\/\/arcampin.be\/primaire\/wp-content\/uploads\/2018\/01\/wellin31.jpg'><img width=\"150\" height=\"150\" src=\"https:\/\/arcampin.be\/primaire\/wp-content\/uploads\/2018\/01\/wellin31-150x150.jpg\" class=\"attachment-thumbnail size-thumbnail\" alt=\"\" loading=\"lazy\" \/><\/a>\n\t\t\t<\/dt><\/dl><dl class='gallery-item'>\n\t\t\t<dt class='gallery-icon landscape'>\n\t\t\t\t<a href='https:\/\/arcampin.be\/primaire\/wp-content\/uploads\/2018\/01\/wellin30.jpg'><img width=\"150\" height=\"150\" src=\"https:\/\/arcampin.be\/primaire\/wp-content\/uploads\/2018\/01\/wellin30-150x150.jpg\" class=\"attachment-thumbnail size-thumbnail\" alt=\"\" loading=\"lazy\" \/><\/a>\n\t\t\t<\/dt><\/dl><dl class='gallery-item'>\n\t\t\t<dt class='gallery-icon landscape'>\n\t\t\t\t<a href='https:\/\/arcampin.be\/primaire\/wp-content\/uploads\/2018\/01\/wellin25.jpg'><img width=\"150\" height=\"150\" src=\"https:\/\/arcampin.be\/primaire\/wp-content\/uploads\/2018\/01\/wellin25-150x150.jpg\" class=\"attachment-thumbnail size-thumbnail\" alt=\"\" loading=\"lazy\" \/><\/a>\n\t\t\t<\/dt><\/dl><dl class='gallery-item'>\n\t\t\t<dt class='gallery-icon landscape'>\n\t\t\t\t<a href='https:\/\/arcampin.be\/primaire\/wp-content\/uploads\/2018\/01\/wellin24.jpg'><img width=\"150\" height=\"150\" src=\"https:\/\/arcampin.be\/primaire\/wp-content\/uploads\/2018\/01\/wellin24-150x150.jpg\" class=\"attachment-thumbnail size-thumbnail\" alt=\"\" loading=\"lazy\" \/><\/a>\n\t\t\t<\/dt><\/dl><br style=\"clear: both\" \/><dl class='gallery-item'>\n\t\t\t<dt class='gallery-icon landscape'>\n\t\t\t\t<a href='https:\/\/arcampin.be\/primaire\/wp-content\/uploads\/2018\/01\/wellin23.jpg'><img width=\"150\" height=\"150\" src=\"https:\/\/arcampin.be\/primaire\/wp-content\/uploads\/2018\/01\/wellin23-150x150.jpg\" class=\"attachment-thumbnail size-thumbnail\" alt=\"\" loading=\"lazy\" \/><\/a>\n\t\t\t<\/dt><\/dl><dl class='gallery-item'>\n\t\t\t<dt class='gallery-icon landscape'>\n\t\t\t\t<a href='https:\/\/arcampin.be\/primaire\/wp-content\/uploads\/2018\/01\/wellin22.jpg'><img width=\"150\" height=\"150\" src=\"https:\/\/arcampin.be\/primaire\/wp-content\/uploads\/2018\/01\/wellin22-150x150.jpg\" class=\"attachment-thumbnail size-thumbnail\" alt=\"\" loading=\"lazy\" \/><\/a>\n\t\t\t<\/dt><\/dl><dl class='gallery-item'>\n\t\t\t<dt class='gallery-icon landscape'>\n\t\t\t\t<a href='https:\/\/arcampin.be\/primaire\/wp-content\/uploads\/2018\/01\/wellin21.jpg'><img width=\"150\" height=\"150\" src=\"https:\/\/arcampin.be\/primaire\/wp-content\/uploads\/2018\/01\/wellin21-150x150.jpg\" class=\"attachment-thumbnail size-thumbnail\" alt=\"\" loading=\"lazy\" \/><\/a>\n\t\t\t<\/dt><\/dl><dl class='gallery-item'>\n\t\t\t<dt class='gallery-icon landscape'>\n\t\t\t\t<a href='https:\/\/arcampin.be\/primaire\/wp-content\/uploads\/2018\/01\/wellin20.jpg'><img width=\"150\" height=\"150\" src=\"https:\/\/arcampin.be\/primaire\/wp-content\/uploads\/2018\/01\/wellin20-150x150.jpg\" class=\"attachment-thumbnail size-thumbnail\" alt=\"\" loading=\"lazy\" \/><\/a>\n\t\t\t<\/dt><\/dl><dl class='gallery-item'>\n\t\t\t<dt class='gallery-icon landscape'>\n\t\t\t\t<a href='https:\/\/arcampin.be\/primaire\/wp-content\/uploads\/2018\/01\/wellin16.jpg'><img width=\"150\" height=\"150\" src=\"https:\/\/arcampin.be\/primaire\/wp-content\/uploads\/2018\/01\/wellin16-150x150.jpg\" class=\"attachment-thumbnail size-thumbnail\" alt=\"\" loading=\"lazy\" \/><\/a>\n\t\t\t<\/dt><\/dl><br style=\"clear: both\" \/><dl class='gallery-item'>\n\t\t\t<dt class='gallery-icon landscape'>\n\t\t\t\t<a href='https:\/\/arcampin.be\/primaire\/wp-content\/uploads\/2018\/01\/wellin15.jpg'><img width=\"150\" height=\"150\" src=\"https:\/\/arcampin.be\/primaire\/wp-content\/uploads\/2018\/01\/wellin15-150x150.jpg\" class=\"attachment-thumbnail size-thumbnail\" alt=\"\" loading=\"lazy\" \/><\/a>\n\t\t\t<\/dt><\/dl><dl class='gallery-item'>\n\t\t\t<dt class='gallery-icon landscape'>\n\t\t\t\t<a href='https:\/\/arcampin.be\/primaire\/wp-content\/uploads\/2018\/01\/wellin14.jpg'><img width=\"150\" height=\"150\" src=\"https:\/\/arcampin.be\/primaire\/wp-content\/uploads\/2018\/01\/wellin14-150x150.jpg\" class=\"attachment-thumbnail size-thumbnail\" alt=\"\" loading=\"lazy\" \/><\/a>\n\t\t\t<\/dt><\/dl><dl class='gallery-item'>\n\t\t\t<dt class='gallery-icon landscape'>\n\t\t\t\t<a href='https:\/\/arcampin.be\/primaire\/wp-content\/uploads\/2018\/01\/wellin13.jpg'><img width=\"150\" height=\"150\" src=\"https:\/\/arcampin.be\/primaire\/wp-content\/uploads\/2018\/01\/wellin13-150x150.jpg\" class=\"attachment-thumbnail size-thumbnail\" alt=\"\" loading=\"lazy\" \/><\/a>\n\t\t\t<\/dt><\/dl><dl class='gallery-item'>\n\t\t\t<dt class='gallery-icon landscape'>\n\t\t\t\t<a href='https:\/\/arcampin.be\/primaire\/wp-content\/uploads\/2018\/01\/wellin12.jpg'><img width=\"150\" height=\"150\" src=\"https:\/\/arcampin.be\/primaire\/wp-content\/uploads\/2018\/01\/wellin12-150x150.jpg\" class=\"attachment-thumbnail size-thumbnail\" alt=\"\" loading=\"lazy\" \/><\/a>\n\t\t\t<\/dt><\/dl><dl class='gallery-item'>\n\t\t\t<dt class='gallery-icon landscape'>\n\t\t\t\t<a href='https:\/\/arcampin.be\/primaire\/wp-content\/uploads\/2018\/01\/wellin11.jpg'><img width=\"150\" height=\"150\" src=\"https:\/\/arcampin.be\/primaire\/wp-content\/uploads\/2018\/01\/wellin11-150x150.jpg\" class=\"attachment-thumbnail size-thumbnail\" alt=\"\" loading=\"lazy\" \/><\/a>\n\t\t\t<\/dt><\/dl><br style=\"clear: both\" \/><dl class='gallery-item'>\n\t\t\t<dt class='gallery-icon landscape'>\n\t\t\t\t<a href='https:\/\/arcampin.be\/primaire\/wp-content\/uploads\/2018\/01\/wellin10.jpg'><img width=\"150\" height=\"150\" src=\"https:\/\/arcampin.be\/primaire\/wp-content\/uploads\/2018\/01\/wellin10-150x150.jpg\" class=\"attachment-thumbnail size-thumbnail\" alt=\"\" loading=\"lazy\" \/><\/a>\n\t\t\t<\/dt><\/dl><dl class='gallery-item'>\n\t\t\t<dt class='gallery-icon landscape'>\n\t\t\t\t<a href='https:\/\/arcampin.be\/primaire\/wp-content\/uploads\/2018\/01\/wellin4.jpg'><img width=\"150\" height=\"150\" src=\"https:\/\/arcampin.be\/primaire\/wp-content\/uploads\/2018\/01\/wellin4-150x150.jpg\" class=\"attachment-thumbnail size-thumbnail\" alt=\"\" loading=\"lazy\" \/><\/a>\n\t\t\t<\/dt><\/dl><dl class='gallery-item'>\n\t\t\t<dt class='gallery-icon landscape'>\n\t\t\t\t<a href='https:\/\/arcampin.be\/primaire\/wp-content\/uploads\/2018\/01\/wellin3.jpg'><img width=\"150\" height=\"150\" src=\"https:\/\/arcampin.be\/primaire\/wp-content\/uploads\/2018\/01\/wellin3-150x150.jpg\" class=\"attachment-thumbnail size-thumbnail\" alt=\"\" loading=\"lazy\" \/><\/a>\n\t\t\t<\/dt><\/dl><dl class='gallery-item'>\n\t\t\t<dt class='gallery-icon landscape'>\n\t\t\t\t<a href='https:\/\/arcampin.be\/primaire\/wp-content\/uploads\/2018\/01\/wellin2.jpg'><img width=\"150\" height=\"150\" src=\"https:\/\/arcampin.be\/primaire\/wp-content\/uploads\/2018\/01\/wellin2-150x150.jpg\" class=\"attachment-thumbnail size-thumbnail\" alt=\"\" loading=\"lazy\" \/><\/a>\n\t\t\t<\/dt><\/dl><dl class='gallery-item'>\n\t\t\t<dt class='gallery-icon landscape'>\n\t\t\t\t<a href='https:\/\/arcampin.be\/primaire\/wp-content\/uploads\/2018\/01\/wellin1-1.jpg'><img width=\"150\" height=\"150\" src=\"https:\/\/arcampin.be\/primaire\/wp-content\/uploads\/2018\/01\/wellin1-1-150x150.jpg\" class=\"attachment-thumbnail size-thumbnail\" alt=\"\" loading=\"lazy\" \/><\/a>\n\t\t\t<\/dt><\/dl><br style=\"clear: both\" \/>\n\t\t<\/div>\n\n","protected":false},"excerpt":{"rendered":"<p>Chaque ann\u00e9e, les \u00e9l\u00e8ves de 1re ann\u00e9e passent une semaine \u00e0 Wellin dans les Ardennes. Sur place, de nombreuses activit\u00e9s leur sont propos\u00e9es comme le visite du ch\u00e2teau de V\u00eaves, la d\u00e9couverte de la&#46;&#46;&#46;<\/p>\n","protected":false},"author":1,"featured_media":0,"parent":0,"menu_order":0,"comment_status":"closed","ping_status":"closed","template":"","meta":[],"_links":{"self":[{"href":"https:\/\/arcampin.be\/primaire\/wp-json\/wp\/v2\/pages\/128"}],"collection":[{"href":"https:\/\/arcampin.be\/primaire\/wp-json\/wp\/v2\/pages"}],"about":[{"href":"https:\/\/arcampin.be\/primaire\/wp-json\/wp\/v2\/types\/page"}],"author":[{"embeddable":true,"href":"https:\/\/arcampin.be\/primaire\/wp-json\/wp\/v2\/users\/1"}],"replies":[{"embeddable":true,"href":"https:\/\/arcampin.be\/primaire\/wp-json\/wp\/v2\/comments?post=128"}],"version-history":[{"count":11,"href":"https:\/\/arcampin.be\/primaire\/wp-json\/wp\/v2\/pages\/128\/revisions"}],"predecessor-version":[{"id":1375,"href":"https:\/\/arcampin.be\/primaire\/wp-json\/wp\/v2\/pages\/128\/revisions\/1375"}],"wp:attachment":[{"href":"https:\/\/arcampin.be\/primaire\/wp-json\/wp\/v2\/media?parent=128"}],"curies":[{"name":"wp","href":"https:\/\/api.w.org\/{rel}","templated":true}]}}