{"id":452,"date":"2019-02-19T17:48:49","date_gmt":"2019-02-19T16:48:49","guid":{"rendered":"https:\/\/arcampin.be\/maternelle\/?page_id=452"},"modified":"2025-09-14T20:31:20","modified_gmt":"2025-09-14T18:31:20","slug":"pedagogie","status":"publish","type":"page","link":"https:\/\/arcampin.be\/maternelle\/pedagogie\/","title":{"rendered":"P\u00e9dagogie"},"content":{"rendered":"<h3>Plan de pilotage de Campin maternel<\/h3>\n<p>Ce plan est n\u00e9 en 2019 dans notre \u00e9cole, suite aux r\u00e9formes du pacte d&rsquo;excellence.<\/p>\n<p>Le deuxi\u00e8me plan de pilotage (2026-2031) est en pr\u00e9paration.<\/p>\n<h3>Ludoth\u00e8que math\u00e9matique<\/h3>\n<div id='gallery-1' class='gallery galleryid-452 gallery-columns-2 gallery-size-medium'><figure class='gallery-item'>\n\t\t\t<div class='gallery-icon landscape'>\n\t\t\t\t<a href='https:\/\/arcampin.be\/maternelle\/img_1236\/'><img width=\"300\" height=\"225\" src=\"https:\/\/arcampin.be\/maternelle\/wp-content\/uploads\/2020\/02\/IMG_1236-300x225.jpg\" class=\"attachment-medium size-medium\" alt=\"\" loading=\"lazy\" srcset=\"https:\/\/arcampin.be\/maternelle\/wp-content\/uploads\/2020\/02\/IMG_1236-300x225.jpg 300w, https:\/\/arcampin.be\/maternelle\/wp-content\/uploads\/2020\/02\/IMG_1236-768x576.jpg 768w, https:\/\/arcampin.be\/maternelle\/wp-content\/uploads\/2020\/02\/IMG_1236-1024x768.jpg 1024w\" sizes=\"(max-width: 300px) 100vw, 300px\" \/><\/a>\n\t\t\t<\/div><\/figure><figure class='gallery-item'>\n\t\t\t<div class='gallery-icon landscape'>\n\t\t\t\t<a href='https:\/\/arcampin.be\/maternelle\/img_8880\/'><img width=\"300\" height=\"225\" src=\"https:\/\/arcampin.be\/maternelle\/wp-content\/uploads\/2020\/02\/IMG_8880-300x225.jpg\" class=\"attachment-medium size-medium\" alt=\"\" loading=\"lazy\" srcset=\"https:\/\/arcampin.be\/maternelle\/wp-content\/uploads\/2020\/02\/IMG_8880-300x225.jpg 300w, https:\/\/arcampin.be\/maternelle\/wp-content\/uploads\/2020\/02\/IMG_8880-768x576.jpg 768w, https:\/\/arcampin.be\/maternelle\/wp-content\/uploads\/2020\/02\/IMG_8880-1024x768.jpg 1024w\" sizes=\"(max-width: 300px) 100vw, 300px\" \/><\/a>\n\t\t\t<\/div><\/figure>\n\t\t<\/div>\n\n<p>Depuis ce mois de f\u00e9vrier 2020, des jeux math\u00e9matiques imagin\u00e9s et r\u00e9alis\u00e9s par les enseignantes pour am\u00e9liorer les capacit\u00e9s d&rsquo;apprentissage des math\u00e9matiques sont \u00e0 disposition dans la ludoth\u00e8que.<\/p>\n<p>En fonction des difficult\u00e9s constat\u00e9es pour l&rsquo;apprentissage du calcul, de la logique, des formes g\u00e9om\u00e9triques, du classement,&#8230; les enseignantes vont utiliser ces jeux qui vont aider les enfants.<\/p>\n<p>Dans les mois et ann\u00e9es \u00e0 venir, cette ludoth\u00e8que s&rsquo;enrichira d&rsquo;autres jeux qui s&rsquo;adapteront \u00e0 l&rsquo;\u00e9volution des capacit\u00e9s d&rsquo;apprentissage des enfants.<\/p>\n<p><span style=\"font-size: 22px;\"><strong><span style=\"font-family: Bitter, Georgia, serif;\">Grandissons ensemble!<\/span><\/strong><\/span><\/p>\n<p>Depuis l&rsquo;ann\u00e9e 2017-2018, les enfants de premi\u00e8re maternelle et d\u2019accueil partageaient le m\u00eame espace. Ils sont encadr\u00e9s par leurs titulaires respectifs.<\/p>\n<p>Chaque jour, diff\u00e9rents ateliers p\u00e9dagogiques favorisant par exemple, la communication, l\u2019autonomie ou l\u2019esprit artistique, leur sont propos\u00e9s<\/p>\n<p>Les enfants sont libres de participer \u00e0 l\u2019un ou l\u2019autre de ces ateliers qui sont adapt\u00e9s \u00e0 leur \u00e9volution et \u00e0 leurs besoins.<\/p>\n<p>L\u2019\u00e9quipe p\u00e9dagogique veille \u00e0 leur bonne int\u00e9gration, en fonction du rythme de chacun.<\/p>\n<h3><strong>D\u00e9cloisonnement dans tous les niveaux.<\/strong><\/h3>\n<p>Toutes les classes s\u2019ouvrent aux autres pour offrir aux \u00e9l\u00e8ves un espace de travail commun.<\/p>\n<p>Guid\u00e9s par l\u2019\u00e9quipe \u00e9ducative, les enfants peuvent se diriger vers une activit\u00e9 qui les motive plus particuli\u00e8rement. Des outils diff\u00e9rents sont mis \u00e0 leur disposition pour leur permettre d\u2019acqu\u00e9rir toutes les comp\u00e9tences.<\/p>\n<p>En fin de s\u00e9ance, il peuvent partager leurs exp\u00e9riences, ceci aussi afin de favoriser la communication par le langage.<\/p>\n<h3><strong>Un jardin pour apprendre!<\/strong><\/h3>\n<p>Les enfants de troisi\u00e8me maternelle peuvent r\u00e9aliser des activit\u00e9s\u00a0dans notre classe ext\u00e9rieure, \u00e0 l\u2019abri mais dans la nature grandiose du jardin de l\u2019\u00e9cole.<\/p>\n<div id='gallery-2' class='gallery galleryid-452 gallery-columns-2 gallery-size-medium'><figure class='gallery-item'>\n\t\t\t<div class='gallery-icon landscape'>\n\t\t\t\t<a href='https:\/\/arcampin.be\/maternelle\/50529020_508357556353330_7352858546167349248_n\/'><img width=\"300\" height=\"169\" src=\"https:\/\/arcampin.be\/maternelle\/wp-content\/uploads\/2019\/01\/50529020_508357556353330_7352858546167349248_n-300x169.jpg\" class=\"attachment-medium size-medium\" alt=\"\" loading=\"lazy\" srcset=\"https:\/\/arcampin.be\/maternelle\/wp-content\/uploads\/2019\/01\/50529020_508357556353330_7352858546167349248_n-300x169.jpg 300w, https:\/\/arcampin.be\/maternelle\/wp-content\/uploads\/2019\/01\/50529020_508357556353330_7352858546167349248_n-768x432.jpg 768w, https:\/\/arcampin.be\/maternelle\/wp-content\/uploads\/2019\/01\/50529020_508357556353330_7352858546167349248_n-1024x576.jpg 1024w, https:\/\/arcampin.be\/maternelle\/wp-content\/uploads\/2019\/01\/50529020_508357556353330_7352858546167349248_n.jpg 2048w\" sizes=\"(max-width: 300px) 100vw, 300px\" \/><\/a>\n\t\t\t<\/div><\/figure><figure class='gallery-item'>\n\t\t\t<div class='gallery-icon landscape'>\n\t\t\t\t<a href='https:\/\/arcampin.be\/maternelle\/2019\/05\/25\/la-classe-exterieure-est-prete\/classe-exterieur-1\/'><img width=\"300\" height=\"169\" src=\"https:\/\/arcampin.be\/maternelle\/wp-content\/uploads\/2019\/01\/classe-exterieur-1-300x169.jpg\" class=\"attachment-medium size-medium\" alt=\"\" loading=\"lazy\" srcset=\"https:\/\/arcampin.be\/maternelle\/wp-content\/uploads\/2019\/01\/classe-exterieur-1-300x169.jpg 300w, https:\/\/arcampin.be\/maternelle\/wp-content\/uploads\/2019\/01\/classe-exterieur-1-768x432.jpg 768w, https:\/\/arcampin.be\/maternelle\/wp-content\/uploads\/2019\/01\/classe-exterieur-1-1024x576.jpg 1024w, https:\/\/arcampin.be\/maternelle\/wp-content\/uploads\/2019\/01\/classe-exterieur-1.jpg 2048w\" sizes=\"(max-width: 300px) 100vw, 300px\" \/><\/a>\n\t\t\t<\/div><\/figure><figure class='gallery-item'>\n\t\t\t<div class='gallery-icon landscape'>\n\t\t\t\t<a href='https:\/\/arcampin.be\/maternelle\/50019023_766294787058817_6678505756792193024_n\/'><img width=\"300\" height=\"169\" src=\"https:\/\/arcampin.be\/maternelle\/wp-content\/uploads\/2019\/01\/50019023_766294787058817_6678505756792193024_n-300x169.jpg\" class=\"attachment-medium size-medium\" alt=\"\" loading=\"lazy\" srcset=\"https:\/\/arcampin.be\/maternelle\/wp-content\/uploads\/2019\/01\/50019023_766294787058817_6678505756792193024_n-300x169.jpg 300w, https:\/\/arcampin.be\/maternelle\/wp-content\/uploads\/2019\/01\/50019023_766294787058817_6678505756792193024_n-768x432.jpg 768w, https:\/\/arcampin.be\/maternelle\/wp-content\/uploads\/2019\/01\/50019023_766294787058817_6678505756792193024_n-1024x576.jpg 1024w, https:\/\/arcampin.be\/maternelle\/wp-content\/uploads\/2019\/01\/50019023_766294787058817_6678505756792193024_n.jpg 2048w\" sizes=\"(max-width: 300px) 100vw, 300px\" \/><\/a>\n\t\t\t<\/div><\/figure>\n\t\t<\/div>\n\n<p>Un potager, des plantes, des herbes aromatiques \u00e9taient d\u00e9j\u00e0 les pr\u00e9mices de cette classe. Un rapprochement avec la nature s\u2019est d\u00e9velopp\u00e9 et avec ces nouveaux am\u00e9nagements les enfants peuvent en profiter plus souvent.<\/p>\n<p>C\u2019est avec plaisir que les troisi\u00e8mes maternelles pourront inviter toutes les autres classes du fondamental \u00e0 participer aux activit\u00e9s de leur \u00ab\u00a0classe nature\u00a0\u00bb.<\/p>\n<h5>Ces projets sont construits pour aider d\u2019avantage \u00e0 l\u2019application de la p\u00e9dagogie diff\u00e9renci\u00e9e en adaptant les outils d\u2019apprentissage \u00e0 la mani\u00e8re d\u2019apprendre de l\u2019enfant.<\/h5>\n<h5>La p\u00e9dagogie diff\u00e9renci\u00e9e est un moyen de lutter contre l\u2019\u00e9chec scolaire et le redoublement, un objectif important du pacte d\u2019excellence.<\/h5>\n<p>Cliquez ici pour voir\u00a0<a href=\"https:\/\/arcampin.be\/maternelle\/projets\/\">la page projets<\/a><\/p>\n","protected":false},"excerpt":{"rendered":"<p>Plan de pilotage de Campin maternel Ce plan est n\u00e9 en 2019 dans notre \u00e9cole, suite aux r\u00e9formes du pacte d&rsquo;excellence. Le deuxi\u00e8me plan de pilotage (2026-2031) est en pr\u00e9paration. Ludoth\u00e8que math\u00e9matique Depuis ce mois de f\u00e9vrier 2020, des jeux math\u00e9matiques imagin\u00e9s et r\u00e9alis\u00e9s par les enseignantes pour am\u00e9liorer les capacit\u00e9s d&rsquo;apprentissage des math\u00e9matiques sont [&hellip;]<\/p>\n","protected":false},"author":3,"featured_media":0,"parent":0,"menu_order":0,"comment_status":"closed","ping_status":"closed","template":"","meta":[],"_links":{"self":[{"href":"https:\/\/arcampin.be\/maternelle\/wp-json\/wp\/v2\/pages\/452"}],"collection":[{"href":"https:\/\/arcampin.be\/maternelle\/wp-json\/wp\/v2\/pages"}],"about":[{"href":"https:\/\/arcampin.be\/maternelle\/wp-json\/wp\/v2\/types\/page"}],"author":[{"embeddable":true,"href":"https:\/\/arcampin.be\/maternelle\/wp-json\/wp\/v2\/users\/3"}],"replies":[{"embeddable":true,"href":"https:\/\/arcampin.be\/maternelle\/wp-json\/wp\/v2\/comments?post=452"}],"version-history":[{"count":21,"href":"https:\/\/arcampin.be\/maternelle\/wp-json\/wp\/v2\/pages\/452\/revisions"}],"predecessor-version":[{"id":3133,"href":"https:\/\/arcampin.be\/maternelle\/wp-json\/wp\/v2\/pages\/452\/revisions\/3133"}],"wp:attachment":[{"href":"https:\/\/arcampin.be\/maternelle\/wp-json\/wp\/v2\/media?parent=452"}],"curies":[{"name":"wp","href":"https:\/\/api.w.org\/{rel}","templated":true}]}}