{"id":2230,"date":"2021-10-26T21:18:20","date_gmt":"2021-10-26T19:18:20","guid":{"rendered":"https:\/\/arcampin.be\/maternelle\/?page_id=2230"},"modified":"2023-08-14T13:59:07","modified_gmt":"2023-08-14T11:59:07","slug":"la-planete-notre-avenir","status":"publish","type":"page","link":"https:\/\/arcampin.be\/maternelle\/la-planete-notre-avenir\/","title":{"rendered":"La plan\u00e8te \u00ab\u00a0notre avenir\u00a0\u00bb"},"content":{"rendered":"<p>Sans compter les actions men\u00e9es pour sensibiliser les enfants et les parents \u00e0 prendre soin de notre plan\u00e8te, nous avons lanc\u00e9 en 2022, une campagne visant l\u2019information et la sensibilisation \u00e0 la d\u00e9t\u00e9rioration du climat.<\/p>\n<p>Nous sommes tous concern\u00e9s par le changement climatique, certains de nos gestes peuvent changer en faveur de notre climat.<\/p>\n<p>Nos enfants en seront les b\u00e9n\u00e9ficiaires ainsi que les g\u00e9n\u00e9rations futures.<\/p>\n<h3>Les Jean&rsquo;s Ind\u00e9modables pollueurs<\/h3>\n<p><a href=\"https:\/\/arcampin.be\/maternelle\/wp-content\/uploads\/2021\/10\/la-plan\u00e8te-notre-avenir-Jeans.pdf\" target=\"_blank\" rel=\"noopener noreferrer\">cliquez ici<\/a> pour voir l&rsquo;article<\/p>\n","protected":false},"excerpt":{"rendered":"<p>Sans compter les actions men\u00e9es pour sensibiliser les enfants et les parents \u00e0 prendre soin de notre plan\u00e8te, nous avons lanc\u00e9 en 2022, une campagne visant l\u2019information et la sensibilisation \u00e0 la d\u00e9t\u00e9rioration du climat. Nous sommes tous concern\u00e9s par le changement climatique, certains de nos gestes peuvent changer en faveur de notre climat. Nos [&hellip;]<\/p>\n","protected":false},"author":3,"featured_media":0,"parent":0,"menu_order":0,"comment_status":"closed","ping_status":"closed","template":"","meta":[],"_links":{"self":[{"href":"https:\/\/arcampin.be\/maternelle\/wp-json\/wp\/v2\/pages\/2230"}],"collection":[{"href":"https:\/\/arcampin.be\/maternelle\/wp-json\/wp\/v2\/pages"}],"about":[{"href":"https:\/\/arcampin.be\/maternelle\/wp-json\/wp\/v2\/types\/page"}],"author":[{"embeddable":true,"href":"https:\/\/arcampin.be\/maternelle\/wp-json\/wp\/v2\/users\/3"}],"replies":[{"embeddable":true,"href":"https:\/\/arcampin.be\/maternelle\/wp-json\/wp\/v2\/comments?post=2230"}],"version-history":[{"count":7,"href":"https:\/\/arcampin.be\/maternelle\/wp-json\/wp\/v2\/pages\/2230\/revisions"}],"predecessor-version":[{"id":2782,"href":"https:\/\/arcampin.be\/maternelle\/wp-json\/wp\/v2\/pages\/2230\/revisions\/2782"}],"wp:attachment":[{"href":"https:\/\/arcampin.be\/maternelle\/wp-json\/wp\/v2\/media?parent=2230"}],"curies":[{"name":"wp","href":"https:\/\/api.w.org\/{rel}","templated":true}]}}